000
CDUS41 KOKX 132040
CLINYC


CLIMATE REPORT
NATIONAL WEATHER SERVICE NEW YORK NY
438 PM EDT MON APR 13 2015


...................................

...THE CENTRAL PARK NY CLIMATE SUMMARY FOR APRIL 13 2015...
VALID TODAY AS OF 0400 PM LOCAL TIME.

CLIMATE NORMAL PERIOD 1981 TO 2010
CLIMATE RECORD PERIOD 1869 TO 2015


WEATHER ITEM   OBSERVED TIME   RECORD YEAR NORMAL DEPARTURE LAST
                VALUE   (LST)  VALUE       VALUE  FROM      YEAR
                                                  NORMAL
..................................................................
TEMPERATURE (F)
 TODAY
  MAXIMUM         68    256 PM  88    1977  60      8       77
  MINIMUM         50    553 AM  25    1874  44      6       54
  AVERAGE         59                        52      7       66

PRECIPITATION (IN)
  TODAY            0.00          1.26 1920   0.16  -0.16     0.00
  MONTH TO DATE    0.37                      2.07  -1.70     1.14
  SINCE MAR 1      5.09                      6.43  -1.34     4.81
  SINCE JAN 1     12.36                     13.17  -0.81    13.08

SNOWFALL (IN)
  TODAY            0.0          10.0  1875   0.0    0.0      0.0
  MONTH TO DATE    0.0                       0.4   -0.4      0.0
  SINCE OCT 1     50.3                      25.6   24.7     57.4
  SINCE JUL 1     50.3                      25.6   24.7     57.4
  SNOW DEPTH       0

DEGREE DAYS
 HEATING
  TODAY            6                        13     -7        0
  MONTH TO DATE  185                       197    -12      152
  SINCE MAR 1   1011                       897    114      994
  SINCE JUL 1   4770                      4419    351     4664

 COOLING
  TODAY            0                         0      0        1
  MONTH TO DATE    0                         0      0        2
  SINCE MAR 1      0                         1     -1        2
  SINCE JAN 1      0                         1     -1        2
..................................................................


WIND (MPH)
  HIGHEST WIND SPEED    14   HIGHEST WIND DIRECTION     S (160)
  HIGHEST GUST SPEED    21   HIGHEST GUST DIRECTION     S (160)
  AVERAGE WIND SPEED     3.8


SKY COVER
  AVERAGE SKY COVER 0.0


WEATHER CONDITIONS
 THE FOLLOWING WEATHER WAS RECORDED TODAY.
  NO SIGNIFICANT WEATHER WAS OBSERVED.


RELATIVE HUMIDITY (PERCENT)
 HIGHEST    52           600 AM
 LOWEST     30          1000 AM
 AVERAGE    41

..........................................................


THE CENTRAL PARK NY CLIMATE NORMALS FOR TOMORROW
                         NORMAL    RECORD    YEAR
 MAXIMUM TEMPERATURE (F)   61        85      1941
 MINIMUM TEMPERATURE (F)   44        26      1950


SUNRISE AND SUNSET
APRIL 13 2015.........SUNRISE   621 AM EDT   SUNSET   733 PM EDT
APRIL 14 2015.........SUNRISE   619 AM EDT   SUNSET   734 PM EDT


-  INDICATES NEGATIVE NUMBERS.
R  INDICATES RECORD WAS SET OR TIED.
MM INDICATES DATA IS MISSING.
T  INDICATES TRACE AMOUNT.




$$
