000
CDUS41 KOKX 122035
CLINYC


CLIMATE REPORT
NATIONAL WEATHER SERVICE NEW YORK NY
435 PM EDT SUN APR 12 2015


...................................

...THE CENTRAL PARK NY CLIMATE SUMMARY FOR APRIL 12 2015...
VALID TODAY AS OF 0400 PM LOCAL TIME.

CLIMATE NORMAL PERIOD 1981 TO 2010
CLIMATE RECORD PERIOD 1869 TO 2015


WEATHER ITEM   OBSERVED TIME   RECORD YEAR NORMAL DEPARTURE LAST
                VALUE   (LST)  VALUE       VALUE  FROM      YEAR
                                                  NORMAL
..................................................................
TEMPERATURE (F)
 TODAY
  MAXIMUM         66    259 PM  90    1977  60      6       73
  MINIMUM         43    553 AM  22    1874  44     -1       50
  AVERAGE         55                        52      3       62

PRECIPITATION (IN)
  TODAY            0.00          2.12 1933   0.16  -0.16     0.00
  MONTH TO DATE    0.37                      1.91  -1.54     1.14
  SINCE MAR 1      5.09                      6.27  -1.18     4.81
  SINCE JAN 1     12.36                     13.01  -0.65    13.08

SNOWFALL (IN)
  TODAY            0.0           2.0  1918   0.0    0.0      0.0
  MONTH TO DATE    0.0                       0.4   -0.4      0.0
  SINCE OCT 1     50.3                      25.6   24.7     57.4
  SINCE JUL 1     50.3                      25.6   24.7     57.4
  SNOW DEPTH       0

DEGREE DAYS
 HEATING
  TODAY           10                        13     -3        3
  MONTH TO DATE  179                       184     -5      152
  SINCE MAR 1   1005                       884    121      994
  SINCE JUL 1   4764                      4406    358     4664

 COOLING
  TODAY            0                         0      0        0
  MONTH TO DATE    0                         0      0        1
  SINCE MAR 1      0                         1     -1        1
  SINCE JAN 1      0                         1     -1        1
..................................................................


WIND (MPH)
  HIGHEST WIND SPEED    10   HIGHEST WIND DIRECTION     S (190)
  HIGHEST GUST SPEED    14   HIGHEST GUST DIRECTION     S (190)
  AVERAGE WIND SPEED     3.4


SKY COVER
  AVERAGE SKY COVER 0.0


WEATHER CONDITIONS
 THE FOLLOWING WEATHER WAS RECORDED TODAY.
  NO SIGNIFICANT WEATHER WAS OBSERVED.


RELATIVE HUMIDITY (PERCENT)
 HIGHEST    53           400 AM
 LOWEST     19           200 PM
 AVERAGE    36

..........................................................


THE CENTRAL PARK NY CLIMATE NORMALS FOR TOMORROW
                         NORMAL    RECORD    YEAR
 MAXIMUM TEMPERATURE (F)   60        88      1977
 MINIMUM TEMPERATURE (F)   44        25      1874


SUNRISE AND SUNSET
APRIL 12 2015.........SUNRISE   622 AM EDT   SUNSET   732 PM EDT
APRIL 13 2015.........SUNRISE   621 AM EDT   SUNSET   733 PM EDT


-  INDICATES NEGATIVE NUMBERS.
R  INDICATES RECORD WAS SET OR TIED.
MM INDICATES DATA IS MISSING.
T  INDICATES TRACE AMOUNT.




$$
