000
CDUS41 KOKX 190617
CLINYC


CLIMATE REPORT
NATIONAL WEATHER SERVICE NEW YORK NY
217 AM EDT SUN APR 19 2015


...................................

...THE CENTRAL PARK NY CLIMATE SUMMARY FOR APRIL 18 2015...

CLIMATE NORMAL PERIOD 1981 TO 2010
CLIMATE RECORD PERIOD 1869 TO 2015


WEATHER ITEM   OBSERVED TIME   RECORD YEAR NORMAL DEPARTURE LAST
                VALUE   (LST)  VALUE       VALUE  FROM      YEAR
                                                  NORMAL
..................................................................
TEMPERATURE (F)
 YESTERDAY
  MAXIMUM         80    222 PM  96    1976  62     18       49
  MINIMUM         59    557 AM  25    1875  46     13       35
  AVERAGE         70                        54     16       42

PRECIPITATION (IN)
  YESTERDAY        0.00          2.19 1924   0.14  -0.14     0.00
  MONTH TO DATE    0.46                      2.81  -2.35     1.90
  SINCE MAR 1      5.18                      7.17  -1.99     5.57
  SINCE JAN 1     12.45                     13.91  -1.46    13.84

SNOWFALL (IN)
  YESTERDAY        0.0           3.0  1887   0.0    0.0      0.0
  MONTH TO DATE    0.0                       0.5   -0.5       T
  SINCE OCT 1     50.3                      25.7   24.6     57.4
  SINCE JUL 1     50.3                      25.7   24.6     57.4
  SNOW DEPTH       0

DEGREE DAYS
 HEATING
  YESTERDAY        0                        11    -11       23
  MONTH TO DATE  202                       257    -55      240
  SINCE MAR 1   1028                       957     71     1082
  SINCE JUL 1   4787                      4479    308     4752

 COOLING
  YESTERDAY        5                         0      5        0
  MONTH TO DATE    5                         0      5        4
  SINCE MAR 1      5                         1      4        4
  SINCE JAN 1      5                         1      4        4
..................................................................


WIND (MPH)
  HIGHEST WIND SPEED    15   HIGHEST WIND DIRECTION     N (350)
  HIGHEST GUST SPEED    25   HIGHEST GUST DIRECTION     N (360)
  AVERAGE WIND SPEED     4.3


SKY COVER
  AVERAGE SKY COVER 0.0


WEATHER CONDITIONS
 THE FOLLOWING WEATHER WAS RECORDED YESTERDAY.
  NO SIGNIFICANT WEATHER WAS OBSERVED.


RELATIVE HUMIDITY (PERCENT)
 HIGHEST    56          1200 AM
 LOWEST     20           900 PM
 AVERAGE    38

..........................................................


THE CENTRAL PARK NY CLIMATE NORMALS FOR TODAY
                         NORMAL    RECORD    YEAR
 MAXIMUM TEMPERATURE (F)   63        92      1976
 MINIMUM TEMPERATURE (F)   46        21      1875


SUNRISE AND SUNSET
APRIL 19 2015.........SUNRISE   611 AM EDT   SUNSET   739 PM EDT
APRIL 20 2015.........SUNRISE   610 AM EDT   SUNSET   740 PM EDT


-  INDICATES NEGATIVE NUMBERS.
R  INDICATES RECORD WAS SET OR TIED.
MM INDICATES DATA IS MISSING.
T  INDICATES TRACE AMOUNT.




$$
