000
CDUS41 KOKX 090620
CLINYC


CLIMATE REPORT
NATIONAL WEATHER SERVICE NEW YORK NY
220 AM EDT THU APR 9 2015


...................................

...THE CENTRAL PARK NY CLIMATE SUMMARY FOR APRIL 8 2015...

CLIMATE NORMAL PERIOD 1981 TO 2010
CLIMATE RECORD PERIOD 1869 TO 2015


WEATHER ITEM   OBSERVED TIME   RECORD YEAR NORMAL DEPARTURE LAST
                VALUE   (LST)  VALUE       VALUE  FROM      YEAR
                                                  NORMAL
..................................................................
TEMPERATURE (F)
 YESTERDAY
  MAXIMUM         45    520 PM  90    1991  58    -13       64
  MINIMUM         37   1157 PM  25    1982  42     -5       46
  AVERAGE         41                        50     -9       55

PRECIPITATION (IN)
  YESTERDAY        0.00          1.93 1940   0.15  -0.15     0.34
  MONTH TO DATE    0.20                      1.26  -1.06     1.14
  SINCE MAR 1      4.92                      5.62  -0.70     4.81
  SINCE JAN 1     12.19                     12.36  -0.17    13.08

SNOWFALL (IN)
  YESTERDAY        0.0           4.2  1956   0.0    0.0      0.0
  MONTH TO DATE    0.0                       0.3   -0.3      0.0
  SINCE OCT 1     50.3                      25.5   24.8     57.4
  SINCE JUL 1     50.3                      25.5   24.8     57.4
  SNOW DEPTH       0

DEGREE DAYS
 HEATING
  YESTERDAY       24                        15      9       10
  MONTH TO DATE  113                       129    -16      122
  SINCE MAR 1    939                       829    110      964
  SINCE JUL 1   4698                      4351    347     4634

 COOLING
  YESTERDAY        0                         0      0        0
  MONTH TO DATE    0                         0      0        0
  SINCE MAR 1      0                         1     -1        0
  SINCE JAN 1      0                         1     -1        0
..................................................................


WIND (MPH)
  HIGHEST WIND SPEED    22   HIGHEST WIND DIRECTION     E (70)
  HIGHEST GUST SPEED    32   HIGHEST GUST DIRECTION    NE (60)
  AVERAGE WIND SPEED    11.4


SKY COVER
  AVERAGE SKY COVER 1.0


WEATHER CONDITIONS
 THE FOLLOWING WEATHER WAS RECORDED YESTERDAY.
  FOG
  HAZE


RELATIVE HUMIDITY (PERCENT)
 HIGHEST    86           200 AM
 LOWEST     45           500 PM
 AVERAGE    66

..........................................................


THE CENTRAL PARK NY CLIMATE NORMALS FOR TODAY
                         NORMAL    RECORD    YEAR
 MAXIMUM TEMPERATURE (F)   59        86      1991
 MINIMUM TEMPERATURE (F)   43        25      1977


SUNRISE AND SUNSET
APRIL  9 2015.........SUNRISE   627 AM EDT   SUNSET   729 PM EDT
APRIL 10 2015.........SUNRISE   625 AM EDT   SUNSET   730 PM EDT


-  INDICATES NEGATIVE NUMBERS.
R  INDICATES RECORD WAS SET OR TIED.
MM INDICATES DATA IS MISSING.
T  INDICATES TRACE AMOUNT.




$$
