000
CDUS41 KOKX 092032
CLINYC


CLIMATE REPORT
NATIONAL WEATHER SERVICE NEW YORK NY
432 PM EDT THU APR 9 2015


...................................

...THE CENTRAL PARK NY CLIMATE SUMMARY FOR APRIL 9 2015...
VALID TODAY AS OF 0400 PM LOCAL TIME.

CLIMATE NORMAL PERIOD 1981 TO 2010
CLIMATE RECORD PERIOD 1869 TO 2015


WEATHER ITEM   OBSERVED TIME   RECORD YEAR NORMAL DEPARTURE LAST
                VALUE   (LST)  VALUE       VALUE  FROM      YEAR
                                                  NORMAL
..................................................................
TEMPERATURE (F)
 TODAY
  MAXIMUM         42    259 PM  86    1991  59    -17       61
  MINIMUM         37    908 AM  25    1977  43     -6       45
  AVERAGE         40                        51    -11       53

PRECIPITATION (IN)
  TODAY            0.00          3.42 1980   0.16  -0.16     0.00
  MONTH TO DATE    0.20                      1.42  -1.22     1.14
  SINCE MAR 1      4.92                      5.78  -0.86     4.81
  SINCE JAN 1     12.19                     12.52  -0.33    13.08

SNOWFALL (IN)
  TODAY            0.0           6.4  1917   0.0    0.0      0.0
  MONTH TO DATE    0.0                       0.3   -0.3      0.0
  SINCE OCT 1     50.3                      25.5   24.8     57.4
  SINCE JUL 1     50.3                      25.5   24.8     57.4
  SNOW DEPTH       0

DEGREE DAYS
 HEATING
  TODAY           25                        14     11       12
  MONTH TO DATE  138                       143     -5      134
  SINCE MAR 1    964                       843    121      976
  SINCE JUL 1   4723                      4365    358     4646

 COOLING
  TODAY            0                         0      0        0
  MONTH TO DATE    0                         0      0        0
  SINCE MAR 1      0                         1     -1        0
  SINCE JAN 1      0                         1     -1        0
..................................................................


WIND (MPH)
  HIGHEST WIND SPEED    18   HIGHEST WIND DIRECTION    NE (60)
  HIGHEST GUST SPEED    25   HIGHEST GUST DIRECTION    NE (60)
  AVERAGE WIND SPEED    10.1


SKY COVER
  AVERAGE SKY COVER 1.0


WEATHER CONDITIONS
 THE FOLLOWING WEATHER WAS RECORDED TODAY.
  FOG


RELATIVE HUMIDITY (PERCENT)
 HIGHEST    92          1200 AM
 LOWEST     73           200 PM
 AVERAGE    83

..........................................................


THE CENTRAL PARK NY CLIMATE NORMALS FOR TOMORROW
                         NORMAL    RECORD    YEAR
 MAXIMUM TEMPERATURE (F)   59        86      1922
 MINIMUM TEMPERATURE (F)   43        28      1997
                                             1985
                                             1974


SUNRISE AND SUNSET
APRIL  9 2015.........SUNRISE   627 AM EDT   SUNSET   729 PM EDT
APRIL 10 2015.........SUNRISE   625 AM EDT   SUNSET   730 PM EDT


-  INDICATES NEGATIVE NUMBERS.
R  INDICATES RECORD WAS SET OR TIED.
MM INDICATES DATA IS MISSING.
T  INDICATES TRACE AMOUNT.




$$
