000
CDUS41 KOKX 162040
CLINYC


CLIMATE REPORT
NATIONAL WEATHER SERVICE NEW YORK NY
438 PM EDT THU APR 16 2015


...................................

...THE CENTRAL PARK NY CLIMATE SUMMARY FOR APRIL 16 2015...
VALID TODAY AS OF 0400 PM LOCAL TIME.

CLIMATE NORMAL PERIOD 1981 TO 2010
CLIMATE RECORD PERIOD 1869 TO 2015


WEATHER ITEM   OBSERVED TIME   RECORD YEAR NORMAL DEPARTURE LAST
                VALUE   (LST)  VALUE       VALUE  FROM      YEAR
                                                  NORMAL
..................................................................
TEMPERATURE (F)
 TODAY
  MAXIMUM         64   1245 PM  92    2002  62      2       49
  MINIMUM         52    617 AM  29    1928  45      7       31
  AVERAGE         58                        53      5       40

PRECIPITATION (IN)
  TODAY            0.00          3.29 1983   0.14  -0.14     0.05
  MONTH TO DATE    0.38                      2.52  -2.14     1.90
  SINCE MAR 1      5.10                      6.88  -1.78     5.57
  SINCE JAN 1     12.37                     13.62  -1.25    13.84

SNOWFALL (IN)
  TODAY            0.0           T    2014   0.0    0.0       T
                                      2000
                                      2000
  MONTH TO DATE    0.0                       0.5   -0.5       T
  SINCE OCT 1     50.3                      25.7   24.6     57.4
  SINCE JUL 1     50.3                      25.7   24.6     57.4
  SNOW DEPTH       0

DEGREE DAYS
 HEATING
  TODAY            7                        12     -5       25
  MONTH TO DATE  200                       234    -34      194
  SINCE MAR 1   1026                       934     92     1036
  SINCE JUL 1   4785                      4456    329     4706

 COOLING
  TODAY            0                         0      0        0
  MONTH TO DATE    0                         0      0        4
  SINCE MAR 1      0                         1     -1        4
  SINCE JAN 1      0                         1     -1        4
..................................................................


WIND (MPH)
  HIGHEST WIND SPEED    12   HIGHEST WIND DIRECTION     S (180)
  HIGHEST GUST SPEED    19   HIGHEST GUST DIRECTION     S (200)
  AVERAGE WIND SPEED     6.7


SKY COVER
  AVERAGE SKY COVER 0.0


WEATHER CONDITIONS
 THE FOLLOWING WEATHER WAS RECORDED TODAY.
  NO SIGNIFICANT WEATHER WAS OBSERVED.


RELATIVE HUMIDITY (PERCENT)
 HIGHEST    28           400 AM
 LOWEST     17          1200 PM
 AVERAGE    23

..........................................................


THE CENTRAL PARK NY CLIMATE NORMALS FOR TOMORROW
                         NORMAL    RECORD    YEAR
 MAXIMUM TEMPERATURE (F)   62        96      2002
 MINIMUM TEMPERATURE (F)   45        28      1875


SUNRISE AND SUNSET
APRIL 16 2015.........SUNRISE   616 AM EDT   SUNSET   736 PM EDT
APRIL 17 2015.........SUNRISE   614 AM EDT   SUNSET   737 PM EDT


-  INDICATES NEGATIVE NUMBERS.
R  INDICATES RECORD WAS SET OR TIED.
MM INDICATES DATA IS MISSING.
T  INDICATES TRACE AMOUNT.




$$
