000
CDUS41 KOKX 220617
CLINYC


CLIMATE REPORT
NATIONAL WEATHER SERVICE NEW YORK NY
216 AM EDT WED APR 22 2015


...................................

...THE CENTRAL PARK NY CLIMATE SUMMARY FOR APRIL 21 2015...

CLIMATE NORMAL PERIOD 1981 TO 2010
CLIMATE RECORD PERIOD 1869 TO 2015


WEATHER ITEM   OBSERVED TIME   RECORD YEAR NORMAL DEPARTURE LAST
                VALUE   (LST)  VALUE       VALUE  FROM      YEAR
                                                  NORMAL
..................................................................
TEMPERATURE (F)
 YESTERDAY
  MAXIMUM         65    357 PM  87    1923  63      2       67
  MINIMUM         52    128 AM  26    1875  47      5       41
  AVERAGE         59                        55      4       54

PRECIPITATION (IN)
  YESTERDAY        0.20          2.28 1991   0.14   0.06     0.00
  MONTH TO DATE    2.03                      3.24  -1.21     1.90
  SINCE MAR 1      6.75                      7.60  -0.85     5.57
  SINCE JAN 1     14.02                     14.34  -0.32    13.84

SNOWFALL (IN)
  YESTERDAY        0.0           T    1947   0.0    0.0      0.0
                                      2000
  MONTH TO DATE    0.0                       0.6   -0.6       T
  SINCE OCT 1     50.3                      25.8   24.5     57.4
  SINCE JUL 1     50.3                      25.8   24.5     57.4
  SNOW DEPTH       0

DEGREE DAYS
 HEATING
  YESTERDAY        6                        10     -4       11
  MONTH TO DATE  230                       289    -59      273
  SINCE MAR 1   1056                       989     67     1115
  SINCE JUL 1   4815                      4511    304     4785

 COOLING
  YESTERDAY        0                         0      0        0
  MONTH TO DATE    5                         0      5        4
  SINCE MAR 1      5                         1      4        4
  SINCE JAN 1      5                         1      4        4
..................................................................


WIND (MPH)
  HIGHEST WIND SPEED    16   HIGHEST WIND DIRECTION     W (290)
  HIGHEST GUST SPEED    24   HIGHEST GUST DIRECTION     W (290)
  AVERAGE WIND SPEED     6.0


SKY COVER
  AVERAGE SKY COVER 0.4


WEATHER CONDITIONS
 THE FOLLOWING WEATHER WAS RECORDED YESTERDAY.
  HEAVY RAIN
  RAIN
  LIGHT RAIN
  FOG


RELATIVE HUMIDITY (PERCENT)
 HIGHEST   100          1200 AM
 LOWEST     25           500 PM
 AVERAGE    63

..........................................................


THE CENTRAL PARK NY CLIMATE NORMALS FOR TODAY
                         NORMAL    RECORD    YEAR
 MAXIMUM TEMPERATURE (F)   64        86      2001
                                             1973
                                             1962
 MINIMUM TEMPERATURE (F)   47        33      1947
                                             1922


SUNRISE AND SUNSET
APRIL 22 2015.........SUNRISE   607 AM EDT   SUNSET   742 PM EDT
APRIL 23 2015.........SUNRISE   606 AM EDT   SUNSET   743 PM EDT


-  INDICATES NEGATIVE NUMBERS.
R  INDICATES RECORD WAS SET OR TIED.
MM INDICATES DATA IS MISSING.
T  INDICATES TRACE AMOUNT.




$$
