000
CDUS41 KOKX 310623
CLINYC


CLIMATE REPORT
NATIONAL WEATHER SERVICE NEW YORK NY
222 AM EDT TUE MAR 31 2015


...................................

...THE CENTRAL PARK NY CLIMATE SUMMARY FOR MARCH 30 2015...

CLIMATE NORMAL PERIOD 1981 TO 2010
CLIMATE RECORD PERIOD 1869 TO 2015


WEATHER ITEM   OBSERVED TIME   RECORD YEAR NORMAL DEPARTURE LAST
                VALUE   (LST)  VALUE       VALUE  FROM      YEAR
                                                  NORMAL
..................................................................
TEMPERATURE (F)
 YESTERDAY
  MAXIMUM         54    147 PM  82    1998  55     -1       49
  MINIMUM         36    619 AM  16    1887  39     -3       39
  AVERAGE         45                        47     -2       44

PRECIPITATION (IN)
  YESTERDAY        T             2.45 2010   0.16  -0.16     0.35
  MONTH TO DATE    4.55                      4.21   0.34     3.51
  SINCE MAR 1      4.55                      4.21   0.34     3.51
  SINCE JAN 1     11.82                     10.95   0.87    11.78

SNOWFALL (IN)
  YESTERDAY        T             4.5  1883   0.1   -0.1      0.0
  MONTH TO DATE   18.6                       3.9   14.7      0.1
  SINCE OCT 1     50.3                      25.2   25.1     57.4
  SINCE JUL 1     50.3                      25.2   25.1     57.4
  SNOW DEPTH       0

DEGREE DAYS
 HEATING
  YESTERDAY       20                        18      2       21
  MONTH TO DATE  802                       681    121      823
  SINCE MAR 1    802                       681    121      823
  SINCE JUL 1   4561                      4203    358     4493

 COOLING
  YESTERDAY        0                         0      0        0
  MONTH TO DATE    0                         0      0        0
  SINCE MAR 1      0                         0      0        0
  SINCE JAN 1      0                         0      0        0
..................................................................


WIND (MPH)
  HIGHEST WIND SPEED    24   HIGHEST WIND DIRECTION     W (290)
  HIGHEST GUST SPEED    44   HIGHEST GUST DIRECTION     W (280)
  AVERAGE WIND SPEED     7.9


SKY COVER
  AVERAGE SKY COVER 0.6


WEATHER CONDITIONS
 THE FOLLOWING WEATHER WAS RECORDED YESTERDAY.
  LIGHT SNOW


RELATIVE HUMIDITY (PERCENT)
 HIGHEST    70           800 AM
 LOWEST     30          1200 AM
 AVERAGE    50

..........................................................


THE CENTRAL PARK NY CLIMATE NORMALS FOR TODAY
                         NORMAL    RECORD    YEAR
 MAXIMUM TEMPERATURE (F)   55        86      1998
 MINIMUM TEMPERATURE (F)   40        14      1923


SUNRISE AND SUNSET
MARCH 31 2015.........SUNRISE   642 AM EDT   SUNSET   719 PM EDT
APRIL  1 2015.........SUNRISE   640 AM EDT   SUNSET   720 PM EDT


-  INDICATES NEGATIVE NUMBERS.
R  INDICATES RECORD WAS SET OR TIED.
MM INDICATES DATA IS MISSING.
T  INDICATES TRACE AMOUNT.




$$
