000
CDUS41 KBOX 012140
CLIORH


CLIMATE REPORT
NATIONAL WEATHER SERVICE TAUNTON MA
529 PM EDT WED APR 1 2015


...................................

...THE WORCESTER MA CLIMATE SUMMARY FOR APRIL 1 2015...
VALID AS OF 0500 PM LOCAL TIME.

CLIMATE NORMAL PERIOD 1981 TO 2010
CLIMATE RECORD PERIOD 1892 TO 2015


WEATHER ITEM   OBSERVED TIME   RECORD YEAR NORMAL DEPARTURE LAST
                VALUE   (LST)  VALUE       VALUE  FROM      YEAR
                                                  NORMAL
..................................................................
TEMPERATURE (F)
 TODAY
  MAXIMUM         44    309 PM  72    1918  49     -5       54
  MINIMUM         27    614 AM   9    1923  32     -5       29
  AVERAGE         36                        40     -4       42

PRECIPITATION (IN)
  TODAY            0.00          1.67 1962   0.14  -0.14     0.00
  MONTH TO DATE    0.00                      0.14  -0.14     0.00
  SINCE MAR 1      2.42                      4.35  -1.93     5.42
  SINCE JAN 1     10.73                     11.07  -0.34    12.60

SNOWFALL (IN)
  TODAY            0.0          24.0  1997   0.2   -0.2      0.0
  MONTH TO DATE    0.0                       0.2   -0.2      0.0
  SINCE MAR 1     10.9                      11.6   -0.7      3.7
  SINCE JUL 1    119.5                      61.5   58.0     84.6
  SNOW DEPTH      MM

DEGREE DAYS
 HEATING
  TODAY           29                        25      4       23
  MONTH TO DATE   29                        25      4       23
  SINCE MAR 1   1115                       964    151     1151
  SINCE JUL 1   6229                      5801    428     6205

 COOLING
  TODAY            0                         0      0        0
  MONTH TO DATE    0                         0      0        0
  SINCE MAR 1      0                         0      0        0
  SINCE JAN 1      0                         0      0        0
..................................................................


WIND (MPH)
  HIGHEST WIND SPEED    23   HIGHEST WIND DIRECTION    NW (300)
  HIGHEST GUST SPEED    30   HIGHEST GUST DIRECTION    NW (310)
  AVERAGE WIND SPEED    13.1


SKY COVER
  POSSIBLE SUNSHINE  MM
  AVERAGE SKY COVER 0.0


WEATHER CONDITIONS
 THE FOLLOWING WEATHER WAS RECORDED TODAY.
  NO SIGNIFICANT WEATHER WAS OBSERVED.


RELATIVE HUMIDITY (PERCENT)
 HIGHEST    41          1200 AM
 LOWEST     17           300 PM
 AVERAGE    29

..........................................................


THE WORCESTER MA CLIMATE NORMALS FOR TOMORROW
                         NORMAL    RECORD    YEAR
 MAXIMUM TEMPERATURE (F)   49        74      1918
 MINIMUM TEMPERATURE (F)   32        16      1928


SUNRISE AND SUNSET
APRIL  1 2015.........SUNRISE   631 AM EDT   SUNSET   713 PM EDT
APRIL  2 2015.........SUNRISE   629 AM EDT   SUNSET   714 PM EDT


-  INDICATES NEGATIVE NUMBERS.
R  INDICATES RECORD WAS SET OR TIED.
MM INDICATES DATA IS MISSING.
T  INDICATES TRACE AMOUNT.




$$
