000
CDUS41 KBOX 210549
CLIORH


CLIMATE REPORT
NATIONAL WEATHER SERVICE TAUNTON MA
146 AM EDT TUE APR 21 2015


...................................

...THE WORCESTER MA CLIMATE SUMMARY FOR APRIL 20 2015...

CLIMATE NORMAL PERIOD 1981 TO 2010
CLIMATE RECORD PERIOD 1892 TO 2015


WEATHER ITEM   OBSERVED TIME   RECORD YEAR NORMAL DEPARTURE LAST
                VALUE   (LST)  VALUE       VALUE  FROM      YEAR
                                                  NORMAL
..................................................................
TEMPERATURE (F)
 YESTERDAY
  MAXIMUM         49   1044 PM  91    1941  57     -8       55
  MINIMUM         39    738 AM  20    1926  39      0       36
  AVERAGE         44                        48     -4       46

PRECIPITATION (IN)
  YESTERDAY        1.16          1.66 1950   0.13   1.03     0.00
  MONTH TO DATE    2.46                      2.83  -0.37     2.35
  SINCE MAR 1      4.88                      7.04  -2.16     7.77
  SINCE JAN 1     13.19                     13.76  -0.57    14.95

SNOWFALL (IN)
  YESTERDAY        0.0           2.5  1947   0.1   -0.1      0.0
  MONTH TO DATE    0.2                       2.4   -2.2      0.6
  SINCE MAR 1     11.1                      13.8   -2.7      4.3
  SINCE JUL 1    119.7                      63.7   56.0     85.2
  SNOW DEPTH      MM

DEGREE DAYS
 HEATING
  YESTERDAY       21                        17      4       19
  MONTH TO DATE  383                       418    -35      399
  SINCE MAR 1   1469                      1357    112     1527
  SINCE JUL 1   6583                      6194    389     6581

 COOLING
  YESTERDAY        0                         0      0        0
  MONTH TO DATE    0                         0      0        0
  SINCE MAR 1      0                         0      0        0
  SINCE JAN 1      0                         0      0        0
..................................................................


WIND (MPH)
  RESULTANT WIND SPEED   7   RESULTANT WIND DIRECTION   E (80)
  HIGHEST WIND SPEED    16   HIGHEST WIND DIRECTION     E (80)
  HIGHEST GUST SPEED    24   HIGHEST GUST DIRECTION    NE (60)
  AVERAGE WIND SPEED     8.5


SKY COVER
  POSSIBLE SUNSHINE  MM
  AVERAGE SKY COVER 0.7


WEATHER CONDITIONS
 THE FOLLOWING WEATHER WAS RECORDED YESTERDAY.
  HEAVY RAIN
  RAIN
  LIGHT RAIN
  FOG
  FOG W/VISIBILITY <= 1/4 MILE


RELATIVE HUMIDITY (PERCENT)
 HIGHEST   100           200 PM
 LOWEST     70          1200 AM
 AVERAGE    85

..........................................................


THE WORCESTER MA CLIMATE NORMALS FOR TODAY
                         NORMAL    RECORD    YEAR
 MAXIMUM TEMPERATURE (F)   58        83      1957
                                             1954
 MINIMUM TEMPERATURE (F)   39        24      1908


SUNRISE AND SUNSET
APRIL 21 2015.........SUNRISE   558 AM EDT   SUNSET   735 PM EDT
APRIL 22 2015.........SUNRISE   556 AM EDT   SUNSET   737 PM EDT


-  INDICATES NEGATIVE NUMBERS.
R  INDICATES RECORD WAS SET OR TIED.
MM INDICATES DATA IS MISSING.
T  INDICATES TRACE AMOUNT.




$$
