000
CDUS41 KBOX 312135
CLIORH


CLIMATE REPORT
NATIONAL WEATHER SERVICE TAUNTON MA
527 PM EDT TUE MAR 31 2015


...................................

...THE WORCESTER MA CLIMATE SUMMARY FOR MARCH 31 2015...
VALID AS OF 0500 PM LOCAL TIME.

CLIMATE NORMAL PERIOD 1981 TO 2010
CLIMATE RECORD PERIOD 1892 TO 2015


WEATHER ITEM   OBSERVED TIME   RECORD YEAR NORMAL DEPARTURE LAST
                VALUE   (LST)  VALUE       VALUE  FROM      YEAR
                                                  NORMAL
..................................................................
TEMPERATURE (F)
 TODAY
  MAXIMUM         44    400 PM  84    1998  49     -5       37
  MINIMUM         31        MM  12    1923  31      0       32
  AVERAGE         38                        40     -2       35

PRECIPITATION (IN)
  TODAY            0.00          4.55 1987   0.14  -0.14     0.84
  MONTH TO DATE    2.42                      4.21  -1.79     5.42
  SINCE MAR 1      2.42                      4.21  -1.79     5.42
  SINCE JAN 1     10.73                     10.93  -0.20    12.60

SNOWFALL (IN)
  TODAY            0.0           9.0  1997   0.2   -0.2      0.3
  MONTH TO DATE   10.9                      11.4   -0.5      3.7
  SINCE MAR 1     10.9                      11.4   -0.5      3.7
  SINCE JUL 1    119.5                      61.3   58.2     84.6
  SNOW DEPTH      MM

DEGREE DAYS
 HEATING
  TODAY           27                        25      2       30
  MONTH TO DATE 1086                       938    148     1128
  SINCE MAR 1   1086                       939    147     1128
  SINCE JUL 1   6200                      5776    424     6182

 COOLING
  TODAY            0                         0      0        0
  MONTH TO DATE    0                         0      0        0
  SINCE MAR 1      0                         0      0        0
  SINCE JAN 1      0                         0      0        0
..................................................................


WIND (MPH)
  HIGHEST WIND SPEED    16   HIGHEST WIND DIRECTION     W (290)
  HIGHEST GUST SPEED    24   HIGHEST GUST DIRECTION     W (290)
  AVERAGE WIND SPEED    12.6


SKY COVER
  POSSIBLE SUNSHINE  MM
  AVERAGE SKY COVER 0.3


WEATHER CONDITIONS
 THE FOLLOWING WEATHER WAS RECORDED TODAY.
  NO SIGNIFICANT WEATHER WAS OBSERVED.


RELATIVE HUMIDITY (PERCENT)
 HIGHEST    75           100 AM
 LOWEST     31           400 PM
 AVERAGE    53

..........................................................


THE WORCESTER MA CLIMATE NORMALS FOR TOMORROW
                         NORMAL    RECORD    YEAR
 MAXIMUM TEMPERATURE (F)   49        72      1918
 MINIMUM TEMPERATURE (F)   32         9      1923


SUNRISE AND SUNSET
MARCH 31 2015.........SUNRISE   632 AM EDT   SUNSET   712 PM EDT
APRIL  1 2015.........SUNRISE   631 AM EDT   SUNSET   713 PM EDT


-  INDICATES NEGATIVE NUMBERS.
R  INDICATES RECORD WAS SET OR TIED.
MM INDICATES DATA IS MISSING.
T  INDICATES TRACE AMOUNT.




$$
