000
CDUS41 KBOX 232209
CLIORH


CLIMATE REPORT
NATIONAL WEATHER SERVICE TAUNTON MA
558 PM EDT THU APR 23 2015


...................................

...THE WORCESTER MA CLIMATE SUMMARY FOR APRIL 23 2015...
VALID AS OF 0500 PM LOCAL TIME.

CLIMATE NORMAL PERIOD 1981 TO 2010
CLIMATE RECORD PERIOD 1892 TO 2015


WEATHER ITEM   OBSERVED TIME   RECORD YEAR NORMAL DEPARTURE LAST
                VALUE   (LST)  VALUE       VALUE  FROM      YEAR
                                                  NORMAL
..................................................................
TEMPERATURE (F)
 TODAY
  MAXIMUM         45    134 PM  84    2007  58    -13       51
                                      1902
  MINIMUM         36    520 AM  20    1933  40     -4       41
  AVERAGE         41                        49     -8       46

PRECIPITATION (IN)
  TODAY            T             1.50 2005   0.13  -0.13     0.28
  MONTH TO DATE    2.87                      3.21  -0.34     2.64
  SINCE MAR 1      5.29                      7.42  -2.13     8.06
  SINCE JAN 1     13.60                     14.14  -0.54    15.24

SNOWFALL (IN)
  TODAY            0.0           1.1  1956   0.0    0.0      0.0
  MONTH TO DATE    0.2                       2.5   -2.3      0.6
  SINCE MAR 1     11.1                      13.9   -2.8      4.3
  SINCE JUL 1    119.7                      63.8   55.9     85.2
  SNOW DEPTH      MM

DEGREE DAYS
 HEATING
  TODAY           24                        16      8       19
  MONTH TO DATE  433                       468    -35      438
  SINCE MAR 1   1519                      1407    112     1566
  SINCE JUL 1   6633                      6244    389     6620

 COOLING
  TODAY            0                         0      0        0
  MONTH TO DATE    0                         0      0        0
  SINCE MAR 1      0                         0      0        0
  SINCE JAN 1      0                         0      0        0
..................................................................


WIND (MPH)
  HIGHEST WIND SPEED    23   HIGHEST WIND DIRECTION    NW (300)
  HIGHEST GUST SPEED    31   HIGHEST GUST DIRECTION    NW (300)
  AVERAGE WIND SPEED    14.4


SKY COVER
  POSSIBLE SUNSHINE  MM
  AVERAGE SKY COVER 0.7


WEATHER CONDITIONS
 THE FOLLOWING WEATHER WAS RECORDED TODAY.
  NO SIGNIFICANT WEATHER WAS OBSERVED.


RELATIVE HUMIDITY (PERCENT)
 HIGHEST    89           300 AM
 LOWEST     33           100 PM
 AVERAGE    61

..........................................................


THE WORCESTER MA CLIMATE NORMALS FOR TOMORROW
                         NORMAL    RECORD    YEAR
 MAXIMUM TEMPERATURE (F)   59        84      2001
 MINIMUM TEMPERATURE (F)   40        21      1930


SUNRISE AND SUNSET
APRIL 23 2015.........SUNRISE   555 AM EDT   SUNSET   738 PM EDT
APRIL 24 2015.........SUNRISE   553 AM EDT   SUNSET   739 PM EDT


-  INDICATES NEGATIVE NUMBERS.
R  INDICATES RECORD WAS SET OR TIED.
MM INDICATES DATA IS MISSING.
T  INDICATES TRACE AMOUNT.




$$
