000
CDUS41 KBOX 280600
CLIORH


CLIMATE REPORT
NATIONAL WEATHER SERVICE TAUNTON MA
157 AM EDT SAT MAR 28 2015


...................................

...THE WORCESTER MA CLIMATE SUMMARY FOR MARCH 27 2015...

CLIMATE NORMAL PERIOD 1981 TO 2010
CLIMATE RECORD PERIOD 1892 TO 2015


WEATHER ITEM   OBSERVED TIME   RECORD YEAR NORMAL DEPARTURE LAST
                VALUE   (LST)  VALUE       VALUE  FROM      YEAR
                                                  NORMAL
..................................................................
TEMPERATURE (F)
 YESTERDAY
  MAXIMUM         41    323 PM  77    1945  47     -6       40
  MINIMUM         35    816 AM  11    1975  30      5       15
  AVERAGE         38                        38      0       28

PRECIPITATION (IN)
  YESTERDAY        0.11          0.98 1992   0.15  -0.04     0.00
  MONTH TO DATE    2.28                      3.64  -1.36     1.30
  SINCE MAR 1      2.28                      3.64  -1.36     1.30
  SINCE JAN 1     10.59                     10.36   0.23     8.48

SNOWFALL (IN)
  YESTERDAY        0.0           7.6  1959   0.3   -0.3      0.0
  MONTH TO DATE    8.2                      10.5   -2.3      3.4
  SINCE MAR 1      8.2                      10.5   -2.3      3.4
  SINCE JUL 1    116.8                      60.4   56.4     84.3
  SNOW DEPTH      MM

DEGREE DAYS
 HEATING
  YESTERDAY       27                        27      0       37
  MONTH TO DATE  958                       836    122     1022
  SINCE MAR 1    958                       836    122     1022
  SINCE JUL 1   6072                      5673    399     6076

 COOLING
  YESTERDAY        0                         0      0        0
  MONTH TO DATE    0                         0      0        0
  SINCE MAR 1      0                         0      0        0
  SINCE JAN 1      0                         0      0        0
..................................................................


WIND (MPH)
  RESULTANT WIND SPEED   5   RESULTANT WIND DIRECTION  NW (330)
  HIGHEST WIND SPEED    14   HIGHEST WIND DIRECTION     N (340)
  HIGHEST GUST SPEED    18   HIGHEST GUST DIRECTION    NW (330)
  AVERAGE WIND SPEED     5.6


SKY COVER
  POSSIBLE SUNSHINE  MM
  AVERAGE SKY COVER 0.9


WEATHER CONDITIONS
 THE FOLLOWING WEATHER WAS RECORDED YESTERDAY.
  LIGHT RAIN
  FOG


RELATIVE HUMIDITY (PERCENT)
 HIGHEST    92           100 AM
 LOWEST     64          1100 PM
 AVERAGE    78

..........................................................


THE WORCESTER MA CLIMATE NORMALS FOR TODAY
                         NORMAL    RECORD    YEAR
 MAXIMUM TEMPERATURE (F)   47        81      1998
                                             1945
 MINIMUM TEMPERATURE (F)   30         8      1923


SUNRISE AND SUNSET
MARCH 28 2015.........SUNRISE   637 AM EDT   SUNSET   708 PM EDT
MARCH 29 2015.........SUNRISE   636 AM EDT   SUNSET   710 PM EDT


-  INDICATES NEGATIVE NUMBERS.
R  INDICATES RECORD WAS SET OR TIED.
MM INDICATES DATA IS MISSING.
T  INDICATES TRACE AMOUNT.




$$
