000
CDUS41 KBOX 140539
CLIORH


CLIMATE REPORT
NATIONAL WEATHER SERVICE TAUNTON MA
137 AM EDT TUE APR 14 2015


...................................

...THE WORCESTER MA CLIMATE SUMMARY FOR APRIL 13 2015...

CLIMATE NORMAL PERIOD 1981 TO 2010
CLIMATE RECORD PERIOD 1892 TO 2015


WEATHER ITEM   OBSERVED TIME   RECORD YEAR NORMAL DEPARTURE LAST
                VALUE   (LST)  VALUE       VALUE  FROM      YEAR
                                                  NORMAL
..................................................................
TEMPERATURE (F)
 YESTERDAY
  MAXIMUM         69    126 PM  86    1945  54     15       68
  MINIMUM         46    200 AM  18    1926  36     10       43
  AVERAGE         58                        45     13       56

PRECIPITATION (IN)
  YESTERDAY        0.00          2.18 2004   0.14  -0.14     0.06
  MONTH TO DATE    1.11                      1.89  -0.78     0.93
  SINCE MAR 1      3.53                      6.10  -2.57     6.35
  SINCE JAN 1     11.84                     12.82  -0.98    13.53

SNOWFALL (IN)
  YESTERDAY        0.0          10.5  1933   0.1   -0.1      0.0
  MONTH TO DATE    0.2                       1.7   -1.5      0.0
  SINCE MAR 1     11.1                      13.1   -2.0      3.7
  SINCE JUL 1    119.7                      63.0   56.7     84.6
  SNOW DEPTH      MM

DEGREE DAYS
 HEATING
  YESTERDAY        7                        20    -13        9
  MONTH TO DATE  300                       289     11      247
  SINCE MAR 1   1386                      1228    158     1375
  SINCE JUL 1   6500                      6065    435     6429

 COOLING
  YESTERDAY        0                         0      0        0
  MONTH TO DATE    0                         0      0        0
  SINCE MAR 1      0                         0      0        0
  SINCE JAN 1      0                         0      0        0
..................................................................


WIND (MPH)
  RESULTANT WIND SPEED  13   RESULTANT WIND DIRECTION  SW (230)
  HIGHEST WIND SPEED    28   HIGHEST WIND DIRECTION    SW (220)
  HIGHEST GUST SPEED    35   HIGHEST GUST DIRECTION    SW (220)
  AVERAGE WIND SPEED    13.9


SKY COVER
  POSSIBLE SUNSHINE  MM
  AVERAGE SKY COVER 0.0


WEATHER CONDITIONS
 THE FOLLOWING WEATHER WAS RECORDED YESTERDAY.
  NO SIGNIFICANT WEATHER WAS OBSERVED.


RELATIVE HUMIDITY (PERCENT)
 HIGHEST    54          1000 PM
 LOWEST     22          1200 PM
 AVERAGE    38

..........................................................


THE WORCESTER MA CLIMATE NORMALS FOR TODAY
                         NORMAL    RECORD    YEAR
 MAXIMUM TEMPERATURE (F)   55        79      1938
 MINIMUM TEMPERATURE (F)   37        18      1940


SUNRISE AND SUNSET
APRIL 14 2015.........SUNRISE   609 AM EDT   SUNSET   728 PM EDT
APRIL 15 2015.........SUNRISE   607 AM EDT   SUNSET   729 PM EDT


-  INDICATES NEGATIVE NUMBERS.
R  INDICATES RECORD WAS SET OR TIED.
MM INDICATES DATA IS MISSING.
T  INDICATES TRACE AMOUNT.




$$
