000
CDUS41 KBOX 120528
CLIORH


CLIMATE REPORT
NATIONAL WEATHER SERVICE TAUNTON MA
127 AM EDT SUN APR 12 2015


...................................

...THE WORCESTER MA CLIMATE SUMMARY FOR APRIL 11 2015...

CLIMATE NORMAL PERIOD 1981 TO 2010
CLIMATE RECORD PERIOD 1892 TO 2015


WEATHER ITEM   OBSERVED TIME   RECORD YEAR NORMAL DEPARTURE LAST
                VALUE   (LST)  VALUE       VALUE  FROM      YEAR
                                                  NORMAL
..................................................................
TEMPERATURE (F)
 YESTERDAY
  MAXIMUM         50    208 PM  80    1945  53     -3       65
  MINIMUM         36   1159 PM  19    1948  36      0       44
                                      1938
  AVERAGE         43                        44     -1       55

PRECIPITATION (IN)
  YESTERDAY        0.00          0.77 1958   0.15  -0.15     0.06
  MONTH TO DATE    1.11                      1.60  -0.49     0.83
  SINCE MAR 1      3.53                      5.81  -2.28     6.25
  SINCE JAN 1     11.84                     12.53  -0.69    13.43

SNOWFALL (IN)
  YESTERDAY        0.0           7.8  1958   0.1   -0.1      0.0
  MONTH TO DATE    0.2                       1.5   -1.3      0.0
  SINCE MAR 1     11.1                      12.9   -1.8      3.7
  SINCE JUL 1    119.7                      62.8   56.9     84.6
  SNOW DEPTH      MM

DEGREE DAYS
 HEATING
  YESTERDAY       22                        21      1       10
  MONTH TO DATE  277                       249     28      226
  SINCE MAR 1   1363                      1188    175     1354
  SINCE JUL 1   6477                      6025    452     6408

 COOLING
  YESTERDAY        0                         0      0        0
  MONTH TO DATE    0                         0      0        0
  SINCE MAR 1      0                         0      0        0
  SINCE JAN 1      0                         0      0        0
..................................................................


WIND (MPH)
  RESULTANT WIND SPEED  19   RESULTANT WIND DIRECTION   W (280)
  HIGHEST WIND SPEED    33   HIGHEST WIND DIRECTION     W (280)
  HIGHEST GUST SPEED    42   HIGHEST GUST DIRECTION     W (280)
  AVERAGE WIND SPEED    19.4


SKY COVER
  POSSIBLE SUNSHINE  MM
  AVERAGE SKY COVER 0.1


WEATHER CONDITIONS
 THE FOLLOWING WEATHER WAS RECORDED YESTERDAY.
  NO SIGNIFICANT WEATHER WAS OBSERVED.


RELATIVE HUMIDITY (PERCENT)
 HIGHEST    86          1200 AM
 LOWEST     42          1200 PM
 AVERAGE    64

..........................................................


THE WORCESTER MA CLIMATE NORMALS FOR TODAY
                         NORMAL    RECORD    YEAR
 MAXIMUM TEMPERATURE (F)   54        80      1945
 MINIMUM TEMPERATURE (F)   36        15      1976


SUNRISE AND SUNSET
APRIL 12 2015.........SUNRISE   612 AM EDT   SUNSET   725 PM EDT
APRIL 13 2015.........SUNRISE   610 AM EDT   SUNSET   726 PM EDT


-  INDICATES NEGATIVE NUMBERS.
R  INDICATES RECORD WAS SET OR TIED.
MM INDICATES DATA IS MISSING.
T  INDICATES TRACE AMOUNT.




$$
