000
CDUS41 KBOX 180540
CLIORH


CLIMATE REPORT
NATIONAL WEATHER SERVICE TAUNTON MA
138 AM EDT SAT APR 18 2015


...................................

...THE WORCESTER MA CLIMATE SUMMARY FOR APRIL 17 2015...

CLIMATE NORMAL PERIOD 1981 TO 2010
CLIMATE RECORD PERIOD 1892 TO 2015


WEATHER ITEM   OBSERVED TIME   RECORD YEAR NORMAL DEPARTURE LAST
                VALUE   (LST)  VALUE       VALUE  FROM      YEAR
                                                  NORMAL
..................................................................
TEMPERATURE (F)
 YESTERDAY
  MAXIMUM         60    410 PM  90    2002  56      4       42
  MINIMUM         47   1245 AM  21    1928  38      9       24
  AVERAGE         54                        47      7       33

PRECIPITATION (IN)
  YESTERDAY        0.16          2.15 1954   0.13   0.03     0.00
  MONTH TO DATE    1.30                      2.44  -1.14     2.35
  SINCE MAR 1      3.72                      6.65  -2.93     7.77
  SINCE JAN 1     12.03                     13.37  -1.34    14.95

SNOWFALL (IN)
  YESTERDAY       MM             3.5  1935   0.1   MM        0.0
  MONTH TO DATE    0.2                       2.1   -1.9      0.6
  SINCE MAR 1     11.1                      13.5   -2.4      4.3
  SINCE JUL 1    119.7                      63.4   56.3     85.2
  SNOW DEPTH      MM

DEGREE DAYS
 HEATING
  YESTERDAY       11                        18     -7       32
  MONTH TO DATE  342                       365    -23      331
  SINCE MAR 1   1428                      1304    124     1459
  SINCE JUL 1   6542                      6141    401     6513

 COOLING
  YESTERDAY        0                         0      0        0
  MONTH TO DATE    0                         0      0        0
  SINCE MAR 1      0                         0      0        0
  SINCE JAN 1      0                         0      0        0
..................................................................


WIND (MPH)
  RESULTANT WIND SPEED  13   RESULTANT WIND DIRECTION   W (250)
  HIGHEST WIND SPEED    23   HIGHEST WIND DIRECTION    SW (230)
  HIGHEST GUST SPEED    30   HIGHEST GUST DIRECTION    SW (220)
  AVERAGE WIND SPEED    14.0


SKY COVER
  POSSIBLE SUNSHINE  MM
  AVERAGE SKY COVER 0.6


WEATHER CONDITIONS
 THE FOLLOWING WEATHER WAS RECORDED YESTERDAY.
  LIGHT RAIN
  FOG


RELATIVE HUMIDITY (PERCENT)
 HIGHEST    93           600 AM
 LOWEST     53          1200 AM
 AVERAGE    73

..........................................................


THE WORCESTER MA CLIMATE NORMALS FOR TODAY
                         NORMAL    RECORD    YEAR
 MAXIMUM TEMPERATURE (F)   56        88      1976
 MINIMUM TEMPERATURE (F)   38        21      1948


SUNRISE AND SUNSET
APRIL 18 2015.........SUNRISE   602 AM EDT   SUNSET   732 PM EDT
APRIL 19 2015.........SUNRISE   601 AM EDT   SUNSET   733 PM EDT


-  INDICATES NEGATIVE NUMBERS.
R  INDICATES RECORD WAS SET OR TIED.
MM INDICATES DATA IS MISSING.
T  INDICATES TRACE AMOUNT.




$$
