000
CDUS41 KBOX 220545
CLIORH


CLIMATE REPORT
NATIONAL WEATHER SERVICE TAUNTON MA
145 AM EDT SUN MAR 22 2015


...................................

...THE WORCESTER MA CLIMATE SUMMARY FOR MARCH 21 2015...

CLIMATE NORMAL PERIOD 1981 TO 2010
CLIMATE RECORD PERIOD 1892 TO 2015


WEATHER ITEM   OBSERVED TIME   RECORD YEAR NORMAL DEPARTURE LAST
                VALUE   (LST)  VALUE       VALUE  FROM      YEAR
                                                  NORMAL
..................................................................
TEMPERATURE (F)
 YESTERDAY
  MAXIMUM         42    404 PM  73    2012  45     -3       37
  MINIMUM         24    337 AM   4    1986  28     -4       26
  AVERAGE         33                        36     -3       32

PRECIPITATION (IN)
  YESTERDAY        0.05          1.96 1974   0.15  -0.10     0.00
  MONTH TO DATE    1.67                      2.74  -1.07     1.30
  SINCE MAR 1      1.67                      2.74  -1.07     1.30
  SINCE JAN 1      9.98                      9.46   0.52     8.48

SNOWFALL (IN)
  YESTERDAY        0.5           9.7  1958   0.3    0.2      0.0
  MONTH TO DATE    8.2                       8.7   -0.5      3.4
  SINCE MAR 1      8.2                       8.7   -0.5      3.4
  SINCE JUL 1    116.8                      58.6   58.2     84.3
  SNOW DEPTH      MM

DEGREE DAYS
 HEATING
  YESTERDAY       32                        29      3       33
  MONTH TO DATE  757                       671     86      791
  SINCE MAR 1    757                       671     86      791
  SINCE JUL 1   5871                      5508    363     5845

 COOLING
  YESTERDAY        0                         0      0        0
  MONTH TO DATE    0                         0      0        0
  SINCE MAR 1      0                         0      0        0
  SINCE JAN 1      0                         0      0        0
..................................................................


WIND (MPH)
  RESULTANT WIND SPEED   8   RESULTANT WIND DIRECTION   W (260)
  HIGHEST WIND SPEED    24   HIGHEST WIND DIRECTION     W (270)
  HIGHEST GUST SPEED    34   HIGHEST GUST DIRECTION     W (270)
  AVERAGE WIND SPEED     8.2


SKY COVER
  POSSIBLE SUNSHINE  MM
  AVERAGE SKY COVER 0.7


WEATHER CONDITIONS
 THE FOLLOWING WEATHER WAS RECORDED YESTERDAY.
  LIGHT SNOW
  FOG


RELATIVE HUMIDITY (PERCENT)
 HIGHEST    92           200 AM
 LOWEST     52          1100 PM
 AVERAGE    72

..........................................................


THE WORCESTER MA CLIMATE NORMALS FOR TODAY
                         NORMAL    RECORD    YEAR
 MAXIMUM TEMPERATURE (F)   45        78      2012
 MINIMUM TEMPERATURE (F)   28         8      1988


SUNRISE AND SUNSET
MARCH 22 2015.........SUNRISE   648 AM EDT   SUNSET   702 PM EDT
MARCH 23 2015.........SUNRISE   646 AM EDT   SUNSET   703 PM EDT


-  INDICATES NEGATIVE NUMBERS.
R  INDICATES RECORD WAS SET OR TIED.
MM INDICATES DATA IS MISSING.
T  INDICATES TRACE AMOUNT.




$$
