000
CDUS41 KBOX 110543
CLIORH


CLIMATE REPORT
NATIONAL WEATHER SERVICE TAUNTON MA
142 AM EDT SAT APR 11 2015


...................................

...THE WORCESTER MA CLIMATE SUMMARY FOR APRIL 10 2015...

CLIMATE NORMAL PERIOD 1981 TO 2010
CLIMATE RECORD PERIOD 1892 TO 2015


WEATHER ITEM   OBSERVED TIME   RECORD YEAR NORMAL DEPARTURE LAST
                VALUE   (LST)  VALUE       VALUE  FROM      YEAR
                                                  NORMAL
..................................................................
TEMPERATURE (F)
 YESTERDAY
  MAXIMUM         52    722 PM  84    1922  53     -1       58
  MINIMUM         33    300 AM  19    1985  35     -2       30
  AVERAGE         43                        44     -1       44

PRECIPITATION (IN)
  YESTERDAY        0.17          2.14 1983   0.15   0.02      T
  MONTH TO DATE    1.11                      1.45  -0.34     0.77
  SINCE MAR 1      3.53                      5.66  -2.13     6.19
  SINCE JAN 1     11.84                     12.38  -0.54    13.37

SNOWFALL (IN)
  YESTERDAY        0.0          14.0  1996   0.1   -0.1      0.0
  MONTH TO DATE    0.2                       1.4   -1.2      0.0
  SINCE MAR 1     11.1                      12.8   -1.7      3.7
  SINCE JUL 1    119.7                      62.7   57.0     84.6
  SNOW DEPTH      MM

DEGREE DAYS
 HEATING
  YESTERDAY       22                        21      1       21
  MONTH TO DATE  255                       228     27      216
  SINCE MAR 1   1341                      1167    174     1344
  SINCE JUL 1   6455                      6004    451     6398

 COOLING
  YESTERDAY        0                         0      0        0
  MONTH TO DATE    0                         0      0        0
  SINCE MAR 1      0                         0      0        0
  SINCE JAN 1      0                         0      0        0
..................................................................


WIND (MPH)
  RESULTANT WIND SPEED   8   RESULTANT WIND DIRECTION  SW (220)
  HIGHEST WIND SPEED    22   HIGHEST WIND DIRECTION     W (250)
  HIGHEST GUST SPEED    27   HIGHEST GUST DIRECTION    SW (240)
  AVERAGE WIND SPEED     9.9


SKY COVER
  POSSIBLE SUNSHINE  MM
  AVERAGE SKY COVER 1.0


WEATHER CONDITIONS
 THE FOLLOWING WEATHER WAS RECORDED YESTERDAY.
  RAIN
  LIGHT RAIN
  FOG
  FOG W/VISIBILITY <= 1/4 MILE


RELATIVE HUMIDITY (PERCENT)
 HIGHEST   100           400 AM
 LOWEST     89           700 PM
 AVERAGE    95

..........................................................


THE WORCESTER MA CLIMATE NORMALS FOR TODAY
                         NORMAL    RECORD    YEAR
 MAXIMUM TEMPERATURE (F)   53        80      1945
 MINIMUM TEMPERATURE (F)   36        19      1948
                                             1938


SUNRISE AND SUNSET
APRIL 11 2015.........SUNRISE   614 AM EDT   SUNSET   724 PM EDT
APRIL 12 2015.........SUNRISE   612 AM EDT   SUNSET   725 PM EDT


-  INDICATES NEGATIVE NUMBERS.
R  INDICATES RECORD WAS SET OR TIED.
MM INDICATES DATA IS MISSING.
T  INDICATES TRACE AMOUNT.




$$
