000
CDUS41 KBOX 300539
CLIORH


CLIMATE REPORT
NATIONAL WEATHER SERVICE TAUNTON MA
136 AM EDT THU APR 30 2015


...................................

...THE WORCESTER MA CLIMATE SUMMARY FOR APRIL 29 2015...

CLIMATE NORMAL PERIOD 1981 TO 2010
CLIMATE RECORD PERIOD 1892 TO 2015


WEATHER ITEM   OBSERVED TIME   RECORD YEAR NORMAL DEPARTURE LAST
                VALUE   (LST)  VALUE       VALUE  FROM      YEAR
                                                  NORMAL
..................................................................
TEMPERATURE (F)
 YESTERDAY
  MAXIMUM         62   1028 AM  84    1901  61      1       43
  MINIMUM         44   1138 PM  28    1939  42      2       37
  AVERAGE         53                        51      2       40

PRECIPITATION (IN)
  YESTERDAY        0.00          1.85 1923   0.13  -0.13      T
  MONTH TO DATE    2.97                      3.98  -1.01     3.39
  SINCE MAR 1      5.39                      8.19  -2.80     8.81
  SINCE JAN 1     13.70                     14.91  -1.21    15.99

SNOWFALL (IN)
  YESTERDAY        0.0           2.0  1987   0.1   -0.1      0.0
  MONTH TO DATE    0.2                       2.8   -2.6      0.6
  SINCE MAR 1     11.1                      14.2   -3.1      4.3
  SINCE JUL 1    119.7                      64.1   55.6     85.2
  SNOW DEPTH       0

DEGREE DAYS
 HEATING
  YESTERDAY       12                        14     -2       25
  MONTH TO DATE  543                       557    -14      557
  SINCE MAR 1   1629                      1496    133     1685
  SINCE JUL 1   6743                      6333    410     6739

 COOLING
  YESTERDAY        0                         0      0        0
  MONTH TO DATE    0                         0      0        0
  SINCE MAR 1      0                         0      0        0
  SINCE JAN 1      0                         0      0        0
..................................................................


WIND (MPH)
  RESULTANT WIND SPEED   3   RESULTANT WIND DIRECTION  NW (320)
  HIGHEST WIND SPEED    20   HIGHEST WIND DIRECTION    NW (320)
  HIGHEST GUST SPEED    27   HIGHEST GUST DIRECTION    NW (310)
  AVERAGE WIND SPEED     9.7


SKY COVER
  POSSIBLE SUNSHINE  MM
  AVERAGE SKY COVER 0.5


WEATHER CONDITIONS
 THE FOLLOWING WEATHER WAS RECORDED YESTERDAY.
  NO SIGNIFICANT WEATHER WAS OBSERVED.


RELATIVE HUMIDITY (PERCENT)
 HIGHEST    71          1100 PM
 LOWEST     36          1000 AM
 AVERAGE    54

..........................................................


THE WORCESTER MA CLIMATE NORMALS FOR TODAY
                         NORMAL    RECORD    YEAR
 MAXIMUM TEMPERATURE (F)   61        84      1942
 MINIMUM TEMPERATURE (F)   42        28      1931


SUNRISE AND SUNSET
APRIL 30 2015.........SUNRISE   545 AM EDT   SUNSET   745 PM EDT
MAY  1 2015...........SUNRISE   543 AM EDT   SUNSET   747 PM EDT


-  INDICATES NEGATIVE NUMBERS.
R  INDICATES RECORD WAS SET OR TIED.
MM INDICATES DATA IS MISSING.
T  INDICATES TRACE AMOUNT.




$$
