000
CDUS41 KBOX 100531
CLIORH


CLIMATE REPORT
NATIONAL WEATHER SERVICE TAUNTON MA
131 AM EDT FRI APR 10 2015


...................................

...THE WORCESTER MA CLIMATE SUMMARY FOR APRIL 9 2015...

CLIMATE NORMAL PERIOD 1981 TO 2010
CLIMATE RECORD PERIOD 1892 TO 2015


WEATHER ITEM   OBSERVED TIME   RECORD YEAR NORMAL DEPARTURE LAST
                VALUE   (LST)  VALUE       VALUE  FROM      YEAR
                                                  NORMAL
..................................................................
TEMPERATURE (F)
 YESTERDAY
  MAXIMUM         34    531 PM  77    1991  52    -18       54
  MINIMUM         30    818 AM  17    1977  35     -5       32
  AVERAGE         32                        44    -12       43

PRECIPITATION (IN)
  YESTERDAY        0.01          1.48 2000   0.15  -0.14     0.00
  MONTH TO DATE    0.94                      1.30  -0.36     0.77
  SINCE MAR 1      3.36                      5.51  -2.15     6.19
  SINCE JAN 1     11.67                     12.23  -0.56    13.37

SNOWFALL (IN)
  YESTERDAY        0.2           6.3  1907   0.1    0.1      0.0
  MONTH TO DATE    0.2                       1.3   -1.1      0.0
  SINCE MAR 1     11.1                      12.7   -1.6      3.7
  SINCE JUL 1    119.7                      62.6   57.1     84.6
  SNOW DEPTH      MM

DEGREE DAYS
 HEATING
  YESTERDAY       33                        21     12       22
  MONTH TO DATE  233                       207     26      195
  SINCE MAR 1   1319                      1146    173     1323
  SINCE JUL 1   6433                      5983    450     6377

 COOLING
  YESTERDAY        0                         0      0        0
  MONTH TO DATE    0                         0      0        0
  SINCE MAR 1      0                         0      0        0
  SINCE JAN 1      0                         0      0        0
..................................................................


WIND (MPH)
  RESULTANT WIND SPEED  10   RESULTANT WIND DIRECTION  NE (60)
  HIGHEST WIND SPEED    21   HIGHEST WIND DIRECTION    NE (60)
  HIGHEST GUST SPEED    29   HIGHEST GUST DIRECTION    NE (60)
  AVERAGE WIND SPEED    10.4


SKY COVER
  POSSIBLE SUNSHINE  MM
  AVERAGE SKY COVER 1.0


WEATHER CONDITIONS
 THE FOLLOWING WEATHER WAS RECORDED YESTERDAY.
  LT FREEZING RAIN
  LIGHT SNOW
  FOG
  FOG W/VISIBILITY <= 1/4 MILE


RELATIVE HUMIDITY (PERCENT)
 HIGHEST    96           200 PM
 LOWEST     92          1200 AM
 AVERAGE    94

..........................................................


THE WORCESTER MA CLIMATE NORMALS FOR TODAY
                         NORMAL    RECORD    YEAR
 MAXIMUM TEMPERATURE (F)   53        84      1922
 MINIMUM TEMPERATURE (F)   35        19      1985


SUNRISE AND SUNSET
APRIL 10 2015.........SUNRISE   615 AM EDT   SUNSET   723 PM EDT
APRIL 11 2015.........SUNRISE   614 AM EDT   SUNSET   724 PM EDT


-  INDICATES NEGATIVE NUMBERS.
R  INDICATES RECORD WAS SET OR TIED.
MM INDICATES DATA IS MISSING.
T  INDICATES TRACE AMOUNT.




$$
