000
CDUS41 KBOX 270548
CLIORH


CLIMATE REPORT
NATIONAL WEATHER SERVICE TAUNTON MA
144 AM EDT MON APR 27 2015


...................................

...THE WORCESTER MA CLIMATE SUMMARY FOR APRIL 26 2015...

CLIMATE NORMAL PERIOD 1981 TO 2010
CLIMATE RECORD PERIOD 1892 TO 2015


WEATHER ITEM   OBSERVED TIME   RECORD YEAR NORMAL DEPARTURE LAST
                VALUE   (LST)  VALUE       VALUE  FROM      YEAR
                                                  NORMAL
..................................................................
TEMPERATURE (F)
 YESTERDAY
  MAXIMUM         53    432 PM  85    1915  60     -7       46
  MINIMUM         42    629 AM  24    1919  41      1       39
  AVERAGE         48                        50     -2       43

PRECIPITATION (IN)
  YESTERDAY        0.00          1.59 1945   0.13  -0.13     0.58
  MONTH TO DATE    2.87                      3.59  -0.72     3.22
  SINCE MAR 1      5.29                      7.80  -2.51     8.64
  SINCE JAN 1     13.60                     14.52  -0.92    15.82

SNOWFALL (IN)
  YESTERDAY        0.0           0.4  1993   0.0    0.0      0.0
  MONTH TO DATE    0.2                       2.6   -2.4      0.6
  SINCE MAR 1     11.1                      14.0   -2.9      4.3
  SINCE JUL 1    119.7                      63.9   55.8     85.2
  SNOW DEPTH      MM

DEGREE DAYS
 HEATING
  YESTERDAY       17                        15      2       22
  MONTH TO DATE  501                       514    -13      495
  SINCE MAR 1   1587                      1453    134     1623
  SINCE JUL 1   6701                      6290    411     6677

 COOLING
  YESTERDAY        0                         0      0        0
  MONTH TO DATE    0                         0      0        0
  SINCE MAR 1      0                         0      0        0
  SINCE JAN 1      0                         0      0        0
..................................................................


WIND (MPH)
  RESULTANT WIND SPEED   8   RESULTANT WIND DIRECTION  NW (330)
  HIGHEST WIND SPEED    16   HIGHEST WIND DIRECTION    NW (300)
  HIGHEST GUST SPEED    23   HIGHEST GUST DIRECTION     W (280)
  AVERAGE WIND SPEED     8.6


SKY COVER
  POSSIBLE SUNSHINE  MM
  AVERAGE SKY COVER 1.0


WEATHER CONDITIONS
 THE FOLLOWING WEATHER WAS RECORDED YESTERDAY.
  NO SIGNIFICANT WEATHER WAS OBSERVED.


RELATIVE HUMIDITY (PERCENT)
 HIGHEST    57           400 AM
 LOWEST     35           300 PM
 AVERAGE    46

..........................................................


THE WORCESTER MA CLIMATE NORMALS FOR TODAY
                         NORMAL    RECORD    YEAR
 MAXIMUM TEMPERATURE (F)   60        88      1962
 MINIMUM TEMPERATURE (F)   41        25      1928


SUNRISE AND SUNSET
APRIL 27 2015.........SUNRISE   549 AM EDT   SUNSET   742 PM EDT
APRIL 28 2015.........SUNRISE   547 AM EDT   SUNSET   743 PM EDT


-  INDICATES NEGATIVE NUMBERS.
R  INDICATES RECORD WAS SET OR TIED.
MM INDICATES DATA IS MISSING.
T  INDICATES TRACE AMOUNT.




$$
