000
CDUS41 KBOX 170539
CLIORH


CLIMATE REPORT
NATIONAL WEATHER SERVICE TAUNTON MA
135 AM EDT FRI APR 17 2015


...................................

...THE WORCESTER MA CLIMATE SUMMARY FOR APRIL 16 2015...

CLIMATE NORMAL PERIOD 1981 TO 2010
CLIMATE RECORD PERIOD 1892 TO 2015


WEATHER ITEM   OBSERVED TIME   RECORD YEAR NORMAL DEPARTURE LAST
                VALUE   (LST)  VALUE       VALUE  FROM      YEAR
                                                  NORMAL
..................................................................
TEMPERATURE (F)
 YESTERDAY
  MAXIMUM         65    348 PM  88    2012  55     10       39
  MINIMUM         40    456 AM  22    1943  37      3       25
  AVERAGE         53                        46      7       32

PRECIPITATION (IN)
  YESTERDAY        0.00          3.23 1996   0.13  -0.13     0.26
  MONTH TO DATE    1.14                      2.31  -1.17     2.35
  SINCE MAR 1      3.56                      6.52  -2.96     7.77
  SINCE JAN 1     11.87                     13.24  -1.37    14.95

SNOWFALL (IN)
  YESTERDAY        0.0           2.4  1992   0.1   -0.1      0.6
  MONTH TO DATE    0.2                       2.0   -1.8      0.6
  SINCE MAR 1     11.1                      13.4   -2.3      4.3
  SINCE JUL 1    119.7                      63.3   56.4     85.2
  SNOW DEPTH      MM

DEGREE DAYS
 HEATING
  YESTERDAY       12                        19     -7       33
  MONTH TO DATE  331                       347    -16      299
  SINCE MAR 1   1417                      1286    131     1427
  SINCE JUL 1   6531                      6123    408     6481

 COOLING
  YESTERDAY        0                         0      0        0
  MONTH TO DATE    0                         0      0        0
  SINCE MAR 1      0                         0      0        0
  SINCE JAN 1      0                         0      0        0
..................................................................


WIND (MPH)
  RESULTANT WIND SPEED   4   RESULTANT WIND DIRECTION  SW (220)
  HIGHEST WIND SPEED    20   HIGHEST WIND DIRECTION    SW (230)
  HIGHEST GUST SPEED    26   HIGHEST GUST DIRECTION    SW (220)
  AVERAGE WIND SPEED     8.7


SKY COVER
  POSSIBLE SUNSHINE  MM
  AVERAGE SKY COVER 0.0


WEATHER CONDITIONS
 THE FOLLOWING WEATHER WAS RECORDED YESTERDAY.
  NO SIGNIFICANT WEATHER WAS OBSERVED.


RELATIVE HUMIDITY (PERCENT)
 HIGHEST    45          1100 PM
 LOWEST     16           300 PM
 AVERAGE    31

..........................................................


THE WORCESTER MA CLIMATE NORMALS FOR TODAY
                         NORMAL    RECORD    YEAR
 MAXIMUM TEMPERATURE (F)   56        90      2002
 MINIMUM TEMPERATURE (F)   38        21      1928


SUNRISE AND SUNSET
APRIL 17 2015.........SUNRISE   604 AM EDT   SUNSET   731 PM EDT
APRIL 18 2015.........SUNRISE   602 AM EDT   SUNSET   732 PM EDT


-  INDICATES NEGATIVE NUMBERS.
R  INDICATES RECORD WAS SET OR TIED.
MM INDICATES DATA IS MISSING.
T  INDICATES TRACE AMOUNT.




$$
