000
CDUS41 KBOX 090549
CLIORH


CLIMATE REPORT
NATIONAL WEATHER SERVICE TAUNTON MA
138 AM EDT THU APR 9 2015


...................................

...THE WORCESTER MA CLIMATE SUMMARY FOR APRIL 8 2015...

CLIMATE NORMAL PERIOD 1981 TO 2010
CLIMATE RECORD PERIOD 1892 TO 2015


WEATHER ITEM   OBSERVED TIME   RECORD YEAR NORMAL DEPARTURE LAST
                VALUE   (LST)  VALUE       VALUE  FROM      YEAR
                                                  NORMAL
..................................................................
TEMPERATURE (F)
 YESTERDAY
  MAXIMUM         41   1032 AM  85    1929  52    -11       61
  MINIMUM         31   1159 PM  17    1972  34     -3       39
  AVERAGE         36                        43     -7       50

PRECIPITATION (IN)
  YESTERDAY        0.41          1.06 1903   0.14   0.27     0.39
  MONTH TO DATE    0.93                      1.15  -0.22     0.77
  SINCE MAR 1      3.35                      5.36  -2.01     6.19
  SINCE JAN 1     11.66                     12.08  -0.42    13.37

SNOWFALL (IN)
  YESTERDAY        0.0          10.2  1956   0.1   -0.1      0.0
  MONTH TO DATE    0.0                       1.2   -1.2      0.0
  SINCE MAR 1     10.9                      12.6   -1.7      3.7
  SINCE JUL 1    119.5                      62.5   57.0     84.6
  SNOW DEPTH      MM

DEGREE DAYS
 HEATING
  YESTERDAY       29                        22      7       15
  MONTH TO DATE  200                       186     14      173
  SINCE MAR 1   1286                      1125    161     1301
  SINCE JUL 1   6400                      5962    438     6355

 COOLING
  YESTERDAY        0                         0      0        0
  MONTH TO DATE    0                         0      0        0
  SINCE MAR 1      0                         0      0        0
  SINCE JAN 1      0                         0      0        0
..................................................................


WIND (MPH)
  RESULTANT WIND SPEED  10   RESULTANT WIND DIRECTION  NE (60)
  HIGHEST WIND SPEED    18   HIGHEST WIND DIRECTION     E (80)
  HIGHEST GUST SPEED    25   HIGHEST GUST DIRECTION    NE (40)
  AVERAGE WIND SPEED    10.4


SKY COVER
  POSSIBLE SUNSHINE  MM
  AVERAGE SKY COVER 0.9


WEATHER CONDITIONS
 THE FOLLOWING WEATHER WAS RECORDED YESTERDAY.
  LIGHT RAIN
  FREEZING RAIN
  LT FREEZING RAIN
  FOG
  FOG W/VISIBILITY <= 1/4 MILE


RELATIVE HUMIDITY (PERCENT)
 HIGHEST   100           700 PM
 LOWEST     44          1000 AM
 AVERAGE    72

..........................................................


THE WORCESTER MA CLIMATE NORMALS FOR TODAY
                         NORMAL    RECORD    YEAR
 MAXIMUM TEMPERATURE (F)   52        77      1991
 MINIMUM TEMPERATURE (F)   35        17      1977


SUNRISE AND SUNSET
APRIL  9 2015.........SUNRISE   617 AM EDT   SUNSET   722 PM EDT
APRIL 10 2015.........SUNRISE   615 AM EDT   SUNSET   723 PM EDT


-  INDICATES NEGATIVE NUMBERS.
R  INDICATES RECORD WAS SET OR TIED.
MM INDICATES DATA IS MISSING.
T  INDICATES TRACE AMOUNT.




$$
