000
CDUS41 KBOX 272124
CLIORH


CLIMATE REPORT
NATIONAL WEATHER SERVICE TAUNTON MA
524 PM EDT MON APR 27 2015


...................................

...THE WORCESTER MA CLIMATE SUMMARY FOR APRIL 27 2015...
VALID AS OF 0500 PM LOCAL TIME.

CLIMATE NORMAL PERIOD 1981 TO 2010
CLIMATE RECORD PERIOD 1892 TO 2015


WEATHER ITEM   OBSERVED TIME   RECORD YEAR NORMAL DEPARTURE LAST
                VALUE   (LST)  VALUE       VALUE  FROM      YEAR
                                                  NORMAL
..................................................................
TEMPERATURE (F)
 TODAY
  MAXIMUM         55   1233 PM  88    1962  60     -5       49
  MINIMUM         44    629 AM  25    1928  41      3       38
  AVERAGE         50                        50      0       44

PRECIPITATION (IN)
  TODAY            0.00          1.79 1979   0.13  -0.13     0.17
  MONTH TO DATE    2.87                      3.72  -0.85     3.39
  SINCE MAR 1      5.29                      7.93  -2.64     8.81
  SINCE JAN 1     13.60                     14.65  -1.05    15.99

SNOWFALL (IN)
  TODAY            0.0           1.1  1993   0.1   -0.1      0.0
  MONTH TO DATE    0.2                       2.7   -2.5      0.6
  SINCE MAR 1     11.1                      14.1   -3.0      4.3
  SINCE JUL 1    119.7                      64.0   55.7     85.2
  SNOW DEPTH       0

DEGREE DAYS
 HEATING
  TODAY           15                        15      0       21
  MONTH TO DATE  516                       529    -13      516
  SINCE MAR 1   1602                      1468    134     1644
  SINCE JUL 1   6716                      6305    411     6698

 COOLING
  TODAY            0                         0      0        0
  MONTH TO DATE    0                         0      0        0
  SINCE MAR 1      0                         0      0        0
  SINCE JAN 1      0                         0      0        0
..................................................................


WIND (MPH)
  HIGHEST WIND SPEED    23   HIGHEST WIND DIRECTION    NW (320)
  HIGHEST GUST SPEED    34   HIGHEST GUST DIRECTION    NW (310)
  AVERAGE WIND SPEED    13.1


SKY COVER
  POSSIBLE SUNSHINE  MM
  AVERAGE SKY COVER 1.0


WEATHER CONDITIONS
 THE FOLLOWING WEATHER WAS RECORDED TODAY.
  NO SIGNIFICANT WEATHER WAS OBSERVED.


RELATIVE HUMIDITY (PERCENT)
 HIGHEST    65           700 AM
 LOWEST     45          1200 PM
 AVERAGE    55

..........................................................


THE WORCESTER MA CLIMATE NORMALS FOR TOMORROW
                         NORMAL    RECORD    YEAR
 MAXIMUM TEMPERATURE (F)   60        90      1990
 MINIMUM TEMPERATURE (F)   41        24      1933


SUNRISE AND SUNSET
APRIL 27 2015.........SUNRISE   549 AM EDT   SUNSET   742 PM EDT
APRIL 28 2015.........SUNRISE   547 AM EDT   SUNSET   743 PM EDT


-  INDICATES NEGATIVE NUMBERS.
R  INDICATES RECORD WAS SET OR TIED.
MM INDICATES DATA IS MISSING.
T  INDICATES TRACE AMOUNT.




$$
