000
CDUS41 KBOX 080529
CLIORH


CLIMATE REPORT
NATIONAL WEATHER SERVICE TAUNTON MA
129 AM EDT WED APR 8 2015


...................................

...THE WORCESTER MA CLIMATE SUMMARY FOR APRIL 7 2015...

CLIMATE NORMAL PERIOD 1981 TO 2010
CLIMATE RECORD PERIOD 1892 TO 2015


WEATHER ITEM   OBSERVED TIME   RECORD YEAR NORMAL DEPARTURE LAST
                VALUE   (LST)  VALUE       VALUE  FROM      YEAR
                                                  NORMAL
..................................................................
TEMPERATURE (F)
 YESTERDAY
  MAXIMUM         40   1022 AM  86    2010  52    -12       56
  MINIMUM         34    619 AM  11    1982  34      0       38
  AVERAGE         37                        43     -6       47

PRECIPITATION (IN)
  YESTERDAY        0.10          1.82 1924   0.15  -0.05     0.07
  MONTH TO DATE    0.52                      1.01  -0.49     0.38
  SINCE MAR 1      2.94                      5.22  -2.28     5.80
  SINCE JAN 1     11.25                     11.94  -0.69    12.98

SNOWFALL (IN)
  YESTERDAY        0.0           6.1  1971   0.2   -0.2      0.0
  MONTH TO DATE    0.0                       1.1   -1.1      0.0
  SINCE MAR 1     10.9                      12.5   -1.6      3.7
  SINCE JUL 1    119.5                      62.4   57.1     84.6
  SNOW DEPTH      MM

DEGREE DAYS
 HEATING
  YESTERDAY       28                        22      6       18
  MONTH TO DATE  171                       164      7      158
  SINCE MAR 1   1257                      1103    154     1286
  SINCE JUL 1   6371                      5940    431     6340

 COOLING
  YESTERDAY        0                         0      0        0
  MONTH TO DATE    0                         0      0        0
  SINCE MAR 1      0                         0      0        0
  SINCE JAN 1      0                         0      0        0
..................................................................


WIND (MPH)
  RESULTANT WIND SPEED   6   RESULTANT WIND DIRECTION  NE (50)
  HIGHEST WIND SPEED    12   HIGHEST WIND DIRECTION    NE (60)
  HIGHEST GUST SPEED    16   HIGHEST GUST DIRECTION    NE (60)
  AVERAGE WIND SPEED     6.4


SKY COVER
  POSSIBLE SUNSHINE  MM
  AVERAGE SKY COVER 1.0


WEATHER CONDITIONS
 THE FOLLOWING WEATHER WAS RECORDED YESTERDAY.
  LIGHT RAIN
  FOG


RELATIVE HUMIDITY (PERCENT)
 HIGHEST    92           400 PM
 LOWEST     70          1000 AM
 AVERAGE    81

..........................................................


THE WORCESTER MA CLIMATE NORMALS FOR TODAY
                         NORMAL    RECORD    YEAR
 MAXIMUM TEMPERATURE (F)   52        85      1929
 MINIMUM TEMPERATURE (F)   34        17      1972


SUNRISE AND SUNSET
APRIL  8 2015.........SUNRISE   619 AM EDT   SUNSET   721 PM EDT
APRIL  9 2015.........SUNRISE   617 AM EDT   SUNSET   722 PM EDT


-  INDICATES NEGATIVE NUMBERS.
R  INDICATES RECORD WAS SET OR TIED.
MM INDICATES DATA IS MISSING.
T  INDICATES TRACE AMOUNT.




$$
