000
CDUS41 KBOX 160539
CLIORH


CLIMATE REPORT
NATIONAL WEATHER SERVICE TAUNTON MA
135 AM EDT THU APR 16 2015


...................................

...THE WORCESTER MA CLIMATE SUMMARY FOR APRIL 15 2015...

CLIMATE NORMAL PERIOD 1981 TO 2010
CLIMATE RECORD PERIOD 1892 TO 2015


WEATHER ITEM   OBSERVED TIME   RECORD YEAR NORMAL DEPARTURE LAST
                VALUE   (LST)  VALUE       VALUE  FROM      YEAR
                                                  NORMAL
..................................................................
TEMPERATURE (F)
 YESTERDAY
  MAXIMUM         63    246 PM  85    1941  55      8       60
  MINIMUM         46   1159 PM  19    1940  37      9       33
  AVERAGE         55                        46      9       47

PRECIPITATION (IN)
  YESTERDAY        0.00          2.10 2007   0.14  -0.14     1.16
  MONTH TO DATE    1.14                      2.18  -1.04     2.09
  SINCE MAR 1      3.56                      6.39  -2.83     7.51
  SINCE JAN 1     11.87                     13.11  -1.24    14.69

SNOWFALL (IN)
  YESTERDAY        0.0           0.2  1988   0.1   -0.1      0.0
  MONTH TO DATE    0.2                       1.9   -1.7      0.0
  SINCE MAR 1     11.1                      13.3   -2.2      3.7
  SINCE JUL 1    119.7                      63.2   56.5     84.6
  SNOW DEPTH      MM

DEGREE DAYS
 HEATING
  YESTERDAY       10                        19     -9       18
  MONTH TO DATE  319                       328     -9      266
  SINCE MAR 1   1405                      1267    138     1394
  SINCE JUL 1   6519                      6104    415     6448

 COOLING
  YESTERDAY        0                         0      0        0
  MONTH TO DATE    0                         0      0        0
  SINCE MAR 1      0                         0      0        0
  SINCE JAN 1      0                         0      0        0
..................................................................


WIND (MPH)
  RESULTANT WIND SPEED  12   RESULTANT WIND DIRECTION   N (340)
  HIGHEST WIND SPEED    25   HIGHEST WIND DIRECTION    NW (310)
  HIGHEST GUST SPEED    34   HIGHEST GUST DIRECTION    NW (320)
  AVERAGE WIND SPEED    12.7


SKY COVER
  POSSIBLE SUNSHINE  MM
  AVERAGE SKY COVER 0.0


WEATHER CONDITIONS
 THE FOLLOWING WEATHER WAS RECORDED YESTERDAY.
  NO SIGNIFICANT WEATHER WAS OBSERVED.


RELATIVE HUMIDITY (PERCENT)
 HIGHEST    39          1200 AM
 LOWEST     16          1200 PM
 AVERAGE    28

..........................................................


THE WORCESTER MA CLIMATE NORMALS FOR TODAY
                         NORMAL    RECORD    YEAR
 MAXIMUM TEMPERATURE (F)   55        88      2012
 MINIMUM TEMPERATURE (F)   37        22      1943


SUNRISE AND SUNSET
APRIL 16 2015.........SUNRISE   606 AM EDT   SUNSET   730 PM EDT
APRIL 17 2015.........SUNRISE   604 AM EDT   SUNSET   731 PM EDT


-  INDICATES NEGATIVE NUMBERS.
R  INDICATES RECORD WAS SET OR TIED.
MM INDICATES DATA IS MISSING.
T  INDICATES TRACE AMOUNT.




$$
