000
CDUS41 KBOX 242154
CLIORH


CLIMATE REPORT
NATIONAL WEATHER SERVICE TAUNTON MA
542 PM EDT FRI APR 24 2015


...................................

...THE WORCESTER MA CLIMATE SUMMARY FOR APRIL 24 2015...
VALID AS OF 0500 PM LOCAL TIME.

CLIMATE NORMAL PERIOD 1981 TO 2010
CLIMATE RECORD PERIOD 1892 TO 2015


WEATHER ITEM   OBSERVED TIME   RECORD YEAR NORMAL DEPARTURE LAST
                VALUE   (LST)  VALUE       VALUE  FROM      YEAR
                                                  NORMAL
..................................................................
TEMPERATURE (F)
 TODAY
  MAXIMUM         44    333 PM  84    2001  59    -15       54
  MINIMUM         33    622 AM  21    1930  40     -7       37
  AVERAGE         39                        49    -10       46

PRECIPITATION (IN)
  TODAY            0.00          2.01 1983   0.12  -0.12     0.00
  MONTH TO DATE    2.87                      3.33  -0.46     2.64
  SINCE MAR 1      5.29                      7.54  -2.25     8.06
  SINCE JAN 1     13.60                     14.26  -0.66    15.24

SNOWFALL (IN)
  TODAY            0.0           3.4  1967   0.1   -0.1      0.0
  MONTH TO DATE    0.2                       2.6   -2.4      0.6
  SINCE MAR 1     11.1                      14.0   -2.9      4.3
  SINCE JUL 1    119.7                      63.9   55.8     85.2
  SNOW DEPTH      MM

DEGREE DAYS
 HEATING
  TODAY           26                        16     10       19
  MONTH TO DATE  461                       484    -23      457
  SINCE MAR 1   1547                      1423    124     1585
  SINCE JUL 1   6661                      6260    401     6639

 COOLING
  TODAY            0                         0      0        0
  MONTH TO DATE    0                         0      0        0
  SINCE MAR 1      0                         0      0        0
  SINCE JAN 1      0                         0      0        0
..................................................................


WIND (MPH)
  HIGHEST WIND SPEED    25   HIGHEST WIND DIRECTION    NW (300)
  HIGHEST GUST SPEED    33   HIGHEST GUST DIRECTION    NW (310)
  AVERAGE WIND SPEED    18.3


SKY COVER
  POSSIBLE SUNSHINE  MM
  AVERAGE SKY COVER 0.8


WEATHER CONDITIONS
 THE FOLLOWING WEATHER WAS RECORDED TODAY.
  NO SIGNIFICANT WEATHER WAS OBSERVED.


RELATIVE HUMIDITY (PERCENT)
 HIGHEST    69          1200 AM
 LOWEST     39           300 PM
 AVERAGE    54

..........................................................


THE WORCESTER MA CLIMATE NORMALS FOR TOMORROW
                         NORMAL    RECORD    YEAR
 MAXIMUM TEMPERATURE (F)   59        86      2009
 MINIMUM TEMPERATURE (F)   40        25      1927
                                             1919


SUNRISE AND SUNSET
APRIL 24 2015.........SUNRISE   553 AM EDT   SUNSET   739 PM EDT
APRIL 25 2015.........SUNRISE   552 AM EDT   SUNSET   740 PM EDT


-  INDICATES NEGATIVE NUMBERS.
R  INDICATES RECORD WAS SET OR TIED.
MM INDICATES DATA IS MISSING.
T  INDICATES TRACE AMOUNT.




$$
