000
CXUS51 KBOX 011339
CLMORH


CLIMATE REPORT
NATIONAL WEATHER SERVICE TAUNTON MA
923 AM EDT WED APR 1 2015

...................................

...THE WORCESTER MA CLIMATE SUMMARY FOR THE MONTH OF MARCH 2015...

CLIMATE NORMAL PERIOD 1981 TO 2010
CLIMATE RECORD PERIOD 1892 TO 2015

WEATHER         OBSERVED          NORMAL  DEPART
                 VALUE   DATE(S)  VALUE   FROM
                                          NORMAL
................................................
TEMPERATURE (F)
RECORD
 HIGH              84   03/31/1998
                        03/29/1946
 LOW               -6   03/04/1950
                        03/09/1943
HIGHEST            53   03/11
LOWEST              5   03/06
AVG. MAXIMUM     37.6              42.9    -5.3
AVG. MINIMUM     21.8              26.5    -4.7
MEAN             29.7              34.7    -5.0
DAYS MAX >= 90      0               0.0     0.0
DAYS MAX <= 32      8               4.1     3.9
DAYS MIN <= 32     28              22.8     5.2
DAYS MIN <= 0       0               0.0     0.0

PRECIPITATION (INCHES)
RECORD
 MAXIMUM        11.13   1936
 MINIMUM         0.04   1915
TOTALS           2.42              4.21   -1.79
DAYS >= .01        14              12.9     1.1
DAYS >= .10         9               7.3     1.7
DAYS >= .50         1               2.7    -1.7
DAYS >= 1.00        0               1.1    -1.1
GREATEST
 24 HR. TOTAL    0.53   03/14 TO 03/14

SNOWFALL (INCHES)
RECORDS
 TOTAL           44.1   1993
 SNOW DEPTH         M   MM
TOTALS           10.9              11.4    -0.5
SINCE 7/1       119.5              61.3    58.2
SNOWDEPTH AVG.     MM
GREATEST
 SNOW DEPTH        MM
 24 HR TOTAL      3.6   03/01 TO 03/01

DEGREE_DAYS
HEATING TOTAL    1086               939     147
 SINCE 7/1       6200              5776     424
COOLING TOTAL       0                 0       0
 SINCE 1/1          0                 0       0
.................................................

WIND (MPH)
AVERAGE WIND SPEED              11.8
RESULTANT WIND SPEED/DIRECTION   9/283
HIGHEST WIND SPEED/DIRECTION    40/300    DATE  03/17
HIGHEST GUST SPEED/DIRECTION    52/290    DATE  03/17

SKY COVER
POSSIBLE SUNSHINE (PERCENT)   MM
AVERAGE SKY COVER           0.40
NUMBER OF DAYS FAIR           14
NUMBER OF DAYS PC             11
NUMBER OF DAYS CLOUDY          6

AVERAGE RH (PERCENT)     57

WEATHER CONDITIONS. NUMBER OF DAYS WITH
THUNDERSTORM              0     MIXED PRECIP               0
HEAVY RAIN                1     RAIN                       2
LIGHT RAIN               10     FREEZING RAIN              2
LT FREEZING RAIN          3     HAIL                       0
HEAVY SNOW                0     SNOW                       2
LIGHT SNOW               12     SLEET                      0
FOG                      16     FOG W/VIS <= 1/4 MILE      4
HAZE                      4

-  INDICATES NEGATIVE NUMBERS.
R  INDICATES RECORD WAS SET OR TIED.
MM INDICATES DATA IS MISSING.
T  INDICATES TRACE AMOUNT.

$$

SIPPRELL
