000
CDUS41 KALY 130623
CLIPOU


CLIMATE REPORT
NATIONAL WEATHER SERVICE ALBANY NY
222 AM EDT MON APR 13 2015


...................................

...THE POUGHKEEPSIE NY CLIMATE SUMMARY FOR APRIL 12 2015...

CLIMATE NORMAL PERIOD 1981 TO 2010
CLIMATE RECORD PERIOD 1949 TO 2015


WEATHER ITEM   OBSERVED TIME   RECORD YEAR NORMAL DEPARTURE LAST
                VALUE   (LST)  VALUE       VALUE  FROM      YEAR
                                                  NORMAL
..................................................................
TEMPERATURE (F)
 YESTERDAY
  MAXIMUM         69    545 PM  88    1977  59     10       72
  MINIMUM         27    527 AM  21    1952  36     -9       43
  AVERAGE         48                        48      0       58

PRECIPITATION (IN)
  YESTERDAY        0.00          1.08 2007   0.14  -0.14     0.00
  MONTH TO DATE    1.23                      1.55  -0.32     0.38
  SINCE MAR 1      3.40                      5.12  -1.72     3.13
  SINCE JAN 1      7.70                     10.86  -3.16     7.41

DEGREE DAYS
 HEATING
  YESTERDAY       17                        18     -1        7
  MONTH TO DATE  237                       238     -1      203
  SINCE MAR 1   1238                      1112    126     1230
  SINCE JUL 1   5923                      5683    240     5933

 COOLING
  YESTERDAY        0                         0      0        0
  MONTH TO DATE    0                         0      0        0
  SINCE MAR 1      0                         0      0        0
  SINCE JAN 1      0                         0      0        0
..................................................................


WIND (MPH)
  HIGHEST WIND SPEED    10   HIGHEST WIND DIRECTION    SW (220)
  HIGHEST GUST SPEED    14   HIGHEST GUST DIRECTION    SW (230)
  AVERAGE WIND SPEED     2.5


SKY COVER
  AVERAGE SKY COVER 0.0



RELATIVE HUMIDITY (PERCENT)
 HIGHEST    92           600 AM
 LOWEST     21           600 PM
 AVERAGE    57

..........................................................


THE POUGHKEEPSIE NY CLIMATE NORMALS FOR TODAY
                         NORMAL    RECORD    YEAR
 MAXIMUM TEMPERATURE (F)   60        85      1977
 MINIMUM TEMPERATURE (F)   36        19      1986


SUNRISE AND SUNSET
APRIL 13 2015.........SUNRISE   619 AM EDT   SUNSET   734 PM EDT
APRIL 14 2015.........SUNRISE   618 AM EDT   SUNSET   735 PM EDT


-  INDICATES NEGATIVE NUMBERS.
R  INDICATES RECORD WAS SET OR TIED.
MM INDICATES DATA IS MISSING.
T  INDICATES TRACE AMOUNT.




RECORDS FOR KPOU DATE BACK TO 1949...
HOWEVER...DATA IS MISSING FROM JANUARY 1993 - JULY 2000.
$$
