000
CDUS41 KALY 260622
CLIPOU


CLIMATE REPORT
NATIONAL WEATHER SERVICE ALBANY NY
222 AM EDT SUN APR 26 2015


...................................

...THE POUGHKEEPSIE NY CLIMATE SUMMARY FOR APRIL 25 2015...

CLIMATE NORMAL PERIOD 1981 TO 2010
CLIMATE RECORD PERIOD 1949 TO 2015


WEATHER ITEM   OBSERVED TIME   RECORD YEAR NORMAL DEPARTURE LAST
                VALUE   (LST)  VALUE       VALUE  FROM      YEAR
                                                  NORMAL
..................................................................
TEMPERATURE (F)
 YESTERDAY
  MAXIMUM         60    324 PM  90    2009  65     -5       67
  MINIMUM         26    521 AM  23    1956  40    -14       31
  AVERAGE         43                        52     -9       49

PRECIPITATION (IN)
  YESTERDAY        0.00          1.27 1952   0.12  -0.12     0.05
  MONTH TO DATE    2.23                      3.13  -0.90     1.95
  SINCE MAR 1      4.40                      6.70  -2.30     4.70
  SINCE JAN 1      8.70                     12.44  -3.74     8.98

DEGREE DAYS
 HEATING
  YESTERDAY       22                        13      9       16
  MONTH TO DATE  410                       433    -23      395
  SINCE MAR 1   1411                      1307    104     1422
  SINCE JUL 1   6096                      5878    218     6125

 COOLING
  YESTERDAY        0                         0      0        0
  MONTH TO DATE    0                         0      0        6
  SINCE MAR 1      0                         0      0        6
  SINCE JAN 1      0                         0      0        6
..................................................................


WIND (MPH)
  HIGHEST WIND SPEED    15   HIGHEST WIND DIRECTION     N (10)
  HIGHEST GUST SPEED    18   HIGHEST GUST DIRECTION     N (10)
  AVERAGE WIND SPEED     5.5


SKY COVER
  AVERAGE SKY COVER 0.0



RELATIVE HUMIDITY (PERCENT)
 HIGHEST    78           600 AM
 LOWEST     26           400 PM
 AVERAGE    52

..........................................................


THE POUGHKEEPSIE NY CLIMATE NORMALS FOR TODAY
                         NORMAL    RECORD    YEAR
 MAXIMUM TEMPERATURE (F)   65        90      2009
 MINIMUM TEMPERATURE (F)   40        26      1963


SUNRISE AND SUNSET
APRIL 26 2015.........SUNRISE   600 AM EDT   SUNSET   748 PM EDT
APRIL 27 2015.........SUNRISE   558 AM EDT   SUNSET   749 PM EDT


-  INDICATES NEGATIVE NUMBERS.
R  INDICATES RECORD WAS SET OR TIED.
MM INDICATES DATA IS MISSING.
T  INDICATES TRACE AMOUNT.




RECORDS FOR KPOU DATE BACK TO 1949...
HOWEVER...DATA IS MISSING FROM JANUARY 1993 - JULY 2000.
$$
