000
CDUS41 KALY 100624
CLIPOU


CLIMATE REPORT
NATIONAL WEATHER SERVICE ALBANY NY
224 AM EDT FRI APR 10 2015


...................................

...THE POUGHKEEPSIE NY CLIMATE SUMMARY FOR APRIL 9 2015...

CLIMATE NORMAL PERIOD 1981 TO 2010
CLIMATE RECORD PERIOD 1949 TO 2015


WEATHER ITEM   OBSERVED TIME   RECORD YEAR NORMAL DEPARTURE LAST
                VALUE   (LST)  VALUE       VALUE  FROM      YEAR
                                                  NORMAL
..................................................................
TEMPERATURE (F)
 YESTERDAY
  MAXIMUM         42    409 PM  80    1991  58    -16       60
  MINIMUM         36    352 AM  19    1956  34      2       30
  AVERAGE         39                        46     -7       45

PRECIPITATION (IN)
  YESTERDAY        T             1.71 1980   0.13  -0.13     0.00
  MONTH TO DATE    0.99                      1.15  -0.16     0.22
  SINCE MAR 1      3.16                      4.72  -1.56     2.97
  SINCE JAN 1      7.46                     10.46  -3.00     7.25

DEGREE DAYS
 HEATING
  YESTERDAY       26                        19      7       20
  MONTH TO DATE  181                       184     -3      171
  SINCE MAR 1   1182                      1058    124     1198
  SINCE JUL 1   5867                      5629    238     5901

 COOLING
  YESTERDAY        0                         0      0        0
  MONTH TO DATE    0                         0      0        0
  SINCE MAR 1      0                         0      0        0
  SINCE JAN 1      0                         0      0        0
..................................................................


WIND (MPH)
  HIGHEST WIND SPEED    13   HIGHEST WIND DIRECTION     E (110)
  HIGHEST GUST SPEED    16   HIGHEST GUST DIRECTION     E (100)
  AVERAGE WIND SPEED     5.4


SKY COVER
  AVERAGE SKY COVER 0.9



RELATIVE HUMIDITY (PERCENT)
 HIGHEST    92           300 AM
 LOWEST     70           200 PM
 AVERAGE    81

..........................................................


THE POUGHKEEPSIE NY CLIMATE NORMALS FOR TODAY
                         NORMAL    RECORD    YEAR
 MAXIMUM TEMPERATURE (F)   59        79      1955
 MINIMUM TEMPERATURE (F)   35        20      1950


SUNRISE AND SUNSET
APRIL 10 2015.........SUNRISE   624 AM EDT   SUNSET   730 PM EDT
APRIL 11 2015.........SUNRISE   622 AM EDT   SUNSET   731 PM EDT


-  INDICATES NEGATIVE NUMBERS.
R  INDICATES RECORD WAS SET OR TIED.
MM INDICATES DATA IS MISSING.
T  INDICATES TRACE AMOUNT.




RECORDS FOR KPOU DATE BACK TO 1949...
HOWEVER...DATA IS MISSING FROM JANUARY 1993 - JULY 2000.
$$
