000
CDUS41 KALY 170630
CLIPOU


CLIMATE REPORT
NATIONAL WEATHER SERVICE ALBANY NY
229 AM EDT FRI APR 17 2015


...................................

...THE POUGHKEEPSIE NY CLIMATE SUMMARY FOR APRIL 16 2015...

CLIMATE NORMAL PERIOD 1981 TO 2010
CLIMATE RECORD PERIOD 1949 TO 2015


WEATHER ITEM   OBSERVED TIME   RECORD YEAR NORMAL DEPARTURE LAST
                VALUE   (LST)  VALUE       VALUE  FROM      YEAR
                                                  NORMAL
..................................................................
TEMPERATURE (F)
 YESTERDAY
  MAXIMUM         67    354 PM  91    2012  61      6       46
  MINIMUM         31    526 AM  22    1957  37     -6       29
  AVERAGE         49                        49      0       38

PRECIPITATION (IN)
  YESTERDAY        0.00          2.23 1983   0.13  -0.13     0.00
  MONTH TO DATE    1.31                      2.06  -0.75     1.72
  SINCE MAR 1      3.48                      5.63  -2.15     4.47
  SINCE JAN 1      7.78                     11.37  -3.59     8.75

DEGREE DAYS
 HEATING
  YESTERDAY       16                        16      0       27
  MONTH TO DATE  286                       304    -18      248
  SINCE MAR 1   1287                      1178    109     1275
  SINCE JUL 1   5972                      5749    223     5978

 COOLING
  YESTERDAY        0                         0      0        0
  MONTH TO DATE    0                         0      0        6
  SINCE MAR 1      0                         0      0        6
  SINCE JAN 1      0                         0      0        6
..................................................................


WIND (MPH)
  HIGHEST WIND SPEED    16   HIGHEST WIND DIRECTION    SW (220)
  HIGHEST GUST SPEED    22   HIGHEST GUST DIRECTION     S (170)
  AVERAGE WIND SPEED     5.0


SKY COVER
  AVERAGE SKY COVER 0.0



RELATIVE HUMIDITY (PERCENT)
 HIGHEST    78           600 AM
 LOWEST     16           200 PM
 AVERAGE    47

..........................................................


THE POUGHKEEPSIE NY CLIMATE NORMALS FOR TODAY
                         NORMAL    RECORD    YEAR
 MAXIMUM TEMPERATURE (F)   62        93      2002
 MINIMUM TEMPERATURE (F)   37        22      1962


SUNRISE AND SUNSET
APRIL 17 2015.........SUNRISE   613 AM EDT   SUNSET   738 PM EDT
APRIL 18 2015.........SUNRISE   611 AM EDT   SUNSET   739 PM EDT


-  INDICATES NEGATIVE NUMBERS.
R  INDICATES RECORD WAS SET OR TIED.
MM INDICATES DATA IS MISSING.
T  INDICATES TRACE AMOUNT.




RECORDS FOR KPOU DATE BACK TO 1949...
HOWEVER...DATA IS MISSING FROM JANUARY 1993 - JULY 2000.
$$
