000
CDUS41 KALY 040629
CLIPOU


CLIMATE REPORT
NATIONAL WEATHER SERVICE ALBANY NY
227 AM EDT MON MAY 4 2015


...................................

...THE POUGHKEEPSIE NY CLIMATE SUMMARY FOR MAY 3 2015...

CLIMATE NORMAL PERIOD 1981 TO 2010
CLIMATE RECORD PERIOD 1949 TO 2015


WEATHER ITEM   OBSERVED TIME   RECORD YEAR NORMAL DEPARTURE LAST
                VALUE   (LST)  VALUE       VALUE  FROM      YEAR
                                                  NORMAL
..................................................................
TEMPERATURE (F)
 YESTERDAY
  MAXIMUM         79    542 PM  92    2001  68     11       68
  MINIMUM         41    421 AM  28    1966  42     -1       40
  AVERAGE         60                        55      5       54

PRECIPITATION (IN)
  YESTERDAY        0.00          1.31 1985   0.13  -0.13     0.04
  MONTH TO DATE    0.00                      0.36  -0.36     0.27
  SINCE MAR 1      4.40                      7.71  -3.31     7.45
  SINCE JAN 1      8.70                     13.45  -4.75    11.73

DEGREE DAYS
 HEATING
  YESTERDAY        5                        10     -5       11
  MONTH TO DATE   19                        32    -13       21
  SINCE MAR 1   1485                      1400     85     1522
  SINCE JUL 1   6170                      5971    199     6225

 COOLING
  YESTERDAY        0                         0      0        0
  MONTH TO DATE    0                         0      0        0
  SINCE MAR 1      0                         5     -5        6
  SINCE JAN 1      0                         5     -5        6
..................................................................


WIND (MPH)
  HIGHEST WIND SPEED     8   HIGHEST WIND DIRECTION     N (20)
  HIGHEST GUST SPEED    11   HIGHEST GUST DIRECTION    NW (310)
  AVERAGE WIND SPEED     1.9


SKY COVER
  AVERAGE SKY COVER 0.1



RELATIVE HUMIDITY (PERCENT)
 HIGHEST    83           300 AM
 LOWEST     22           200 PM
 AVERAGE    53

..........................................................


THE POUGHKEEPSIE NY CLIMATE NORMALS FOR TODAY
                         NORMAL    RECORD    YEAR
 MAXIMUM TEMPERATURE (F)   68        92      2001
 MINIMUM TEMPERATURE (F)   43        28      1985


SUNRISE AND SUNSET
MAY  4 2015...........SUNRISE   549 AM EDT   SUNSET   756 PM EDT
MAY  5 2015...........SUNRISE   548 AM EDT   SUNSET   758 PM EDT


-  INDICATES NEGATIVE NUMBERS.
R  INDICATES RECORD WAS SET OR TIED.
MM INDICATES DATA IS MISSING.
T  INDICATES TRACE AMOUNT.




RECORDS FOR KPOU DATE BACK TO 1949...
HOWEVER...DATA IS MISSING FROM JANUARY 1993 - JULY 2000.
$$
