000
CDUS41 KALY 240630
CLIPOU


CLIMATE REPORT
NATIONAL WEATHER SERVICE ALBANY NY
229 AM EDT FRI APR 24 2015


...................................

...THE POUGHKEEPSIE NY CLIMATE SUMMARY FOR APRIL 23 2015...

CLIMATE NORMAL PERIOD 1981 TO 2010
CLIMATE RECORD PERIOD 1949 TO 2015


WEATHER ITEM   OBSERVED TIME   RECORD YEAR NORMAL DEPARTURE LAST
                VALUE   (LST)  VALUE       VALUE  FROM      YEAR
                                                  NORMAL
..................................................................
TEMPERATURE (F)
 YESTERDAY
  MAXIMUM         48   1235 PM  86    2007  64    -16       58
  MINIMUM         38    530 AM  21    1989  39     -1       44
  AVERAGE         43                        52     -9       51

PRECIPITATION (IN)
  YESTERDAY        0.00          0.87 2006   0.12  -0.12     0.18
  MONTH TO DATE    2.23                      2.89  -0.66     1.90
  SINCE MAR 1      4.40                      6.46  -2.06     4.65
  SINCE JAN 1      8.70                     12.20  -3.50     8.93

DEGREE DAYS
 HEATING
  YESTERDAY       22                        14      8       14
  MONTH TO DATE  363                       407    -44      363
  SINCE MAR 1   1364                      1281     83     1390
  SINCE JUL 1   6049                      5852    197     6093

 COOLING
  YESTERDAY        0                         0      0        0
  MONTH TO DATE    0                         0      0        6
  SINCE MAR 1      0                         0      0        6
  SINCE JAN 1      0                         0      0        6
..................................................................


WIND (MPH)
  HIGHEST WIND SPEED    22   HIGHEST WIND DIRECTION     W (290)
  HIGHEST GUST SPEED    32   HIGHEST GUST DIRECTION     W (290)
  AVERAGE WIND SPEED    12.1


SKY COVER
  AVERAGE SKY COVER 0.6



RELATIVE HUMIDITY (PERCENT)
 HIGHEST    76           400 AM
 LOWEST     37           600 PM
 AVERAGE    57

..........................................................


THE POUGHKEEPSIE NY CLIMATE NORMALS FOR TODAY
                         NORMAL    RECORD    YEAR
 MAXIMUM TEMPERATURE (F)   64        86      2001
 MINIMUM TEMPERATURE (F)   40        24      1989


SUNRISE AND SUNSET
APRIL 24 2015.........SUNRISE   602 AM EDT   SUNSET   746 PM EDT
APRIL 25 2015.........SUNRISE   601 AM EDT   SUNSET   747 PM EDT


-  INDICATES NEGATIVE NUMBERS.
R  INDICATES RECORD WAS SET OR TIED.
MM INDICATES DATA IS MISSING.
T  INDICATES TRACE AMOUNT.




RECORDS FOR KPOU DATE BACK TO 1949...
HOWEVER...DATA IS MISSING FROM JANUARY 1993 - JULY 2000.
$$
