000
CDUS41 KALY 020623
CLIPOU


CLIMATE REPORT
NATIONAL WEATHER SERVICE ALBANY NY
222 AM EDT SAT MAY 2 2015


...................................

...THE POUGHKEEPSIE NY CLIMATE SUMMARY FOR MAY 1 2015...

CLIMATE NORMAL PERIOD 1981 TO 2010
CLIMATE RECORD PERIOD 1949 TO 2015


WEATHER ITEM   OBSERVED TIME   RECORD YEAR NORMAL DEPARTURE LAST
                VALUE   (LST)  VALUE       VALUE  FROM      YEAR
                                                  NORMAL
..................................................................
TEMPERATURE (F)
 YESTERDAY
  MAXIMUM         65    157 PM  88    2010  67     -2       77
  MINIMUM         47   1151 PM  26    2008  42      5       51
  AVERAGE         56                        54      2       64

PRECIPITATION (IN)
  YESTERDAY        0.00          0.87 1953   0.12  -0.12     0.23
  MONTH TO DATE    0.00                      0.12  -0.12     0.23
  SINCE MAR 1      4.40                      7.47  -3.07     7.41
  SINCE JAN 1      8.70                     13.21  -4.51    11.69

DEGREE DAYS
 HEATING
  YESTERDAY        9                        11     -2        1
  MONTH TO DATE    9                        11     -2        1
  SINCE MAR 1   1475                      1379     96     1502
  SINCE JUL 1   6160                      5950    210     6205

 COOLING
  YESTERDAY        0                         0      0        0
  MONTH TO DATE    0                         0      0        0
  SINCE MAR 1      0                         5     -5        6
  SINCE JAN 1      0                         5     -5        6
..................................................................


WIND (MPH)
  HIGHEST WIND SPEED    12   HIGHEST WIND DIRECTION     E (100)
  HIGHEST GUST SPEED    14   HIGHEST GUST DIRECTION     E (90)
  AVERAGE WIND SPEED     3.1


SKY COVER
  AVERAGE SKY COVER 0.9



RELATIVE HUMIDITY (PERCENT)
 HIGHEST    66           400 AM
 LOWEST     43           100 PM
 AVERAGE    55

..........................................................


THE POUGHKEEPSIE NY CLIMATE NORMALS FOR TODAY
                         NORMAL    RECORD    YEAR
 MAXIMUM TEMPERATURE (F)   67        90      2010
 MINIMUM TEMPERATURE (F)   42        30      1960


SUNRISE AND SUNSET
MAY  2 2015...........SUNRISE   551 AM EDT   SUNSET   754 PM EDT
MAY  3 2015...........SUNRISE   550 AM EDT   SUNSET   755 PM EDT


-  INDICATES NEGATIVE NUMBERS.
R  INDICATES RECORD WAS SET OR TIED.
MM INDICATES DATA IS MISSING.
T  INDICATES TRACE AMOUNT.




RECORDS FOR KPOU DATE BACK TO 1949...
HOWEVER...DATA IS MISSING FROM JANUARY 1993 - JULY 2000.
$$
