000
CDUS41 KALY 160625
CLIPOU


CLIMATE REPORT
NATIONAL WEATHER SERVICE ALBANY NY
224 AM EDT THU APR 16 2015


...................................

...THE POUGHKEEPSIE NY CLIMATE SUMMARY FOR APRIL 15 2015...

CLIMATE NORMAL PERIOD 1981 TO 2010
CLIMATE RECORD PERIOD 1949 TO 2015


WEATHER ITEM   OBSERVED TIME   RECORD YEAR NORMAL DEPARTURE LAST
                VALUE   (LST)  VALUE       VALUE  FROM      YEAR
                                                  NORMAL
..................................................................
TEMPERATURE (F)
 YESTERDAY
  MAXIMUM         70    303 PM  84    2003  61      9       67
  MINIMUM         34    543 AM  22    1957  37     -3       33
  AVERAGE         52                        49      3       50

PRECIPITATION (IN)
  YESTERDAY        0.00          3.65 2007   0.12  -0.12     1.31
  MONTH TO DATE    1.31                      1.93  -0.62     1.72
  SINCE MAR 1      3.48                      5.50  -2.02     4.47
  SINCE JAN 1      7.78                     11.24  -3.46     8.75

DEGREE DAYS
 HEATING
  YESTERDAY       13                        16     -3       15
  MONTH TO DATE  270                       288    -18      221
  SINCE MAR 1   1271                      1162    109     1248
  SINCE JUL 1   5956                      5733    223     5951

 COOLING
  YESTERDAY        0                         0      0        0
  MONTH TO DATE    0                         0      0        6
  SINCE MAR 1      0                         0      0        6
  SINCE JAN 1      0                         0      0        6
..................................................................


WIND (MPH)
  HIGHEST WIND SPEED    24   HIGHEST WIND DIRECTION    NE (40)
  HIGHEST GUST SPEED    31   HIGHEST GUST DIRECTION     N (10)
  AVERAGE WIND SPEED     7.0


SKY COVER
  AVERAGE SKY COVER 0.0



RELATIVE HUMIDITY (PERCENT)
 HIGHEST    82           400 AM
 LOWEST     14           400 PM
 AVERAGE    48

..........................................................


THE POUGHKEEPSIE NY CLIMATE NORMALS FOR TODAY
                         NORMAL    RECORD    YEAR
 MAXIMUM TEMPERATURE (F)   61        91      2012
 MINIMUM TEMPERATURE (F)   37        22      1957


SUNRISE AND SUNSET
APRIL 16 2015.........SUNRISE   615 AM EDT   SUNSET   737 PM EDT
APRIL 17 2015.........SUNRISE   613 AM EDT   SUNSET   738 PM EDT


-  INDICATES NEGATIVE NUMBERS.
R  INDICATES RECORD WAS SET OR TIED.
MM INDICATES DATA IS MISSING.
T  INDICATES TRACE AMOUNT.




RECORDS FOR KPOU DATE BACK TO 1949...
HOWEVER...DATA IS MISSING FROM JANUARY 1993 - JULY 2000.
$$
