000
CDUS41 KALY 230624
CLIPOU


CLIMATE REPORT
NATIONAL WEATHER SERVICE ALBANY NY
223 AM EDT THU APR 23 2015


...................................

...THE POUGHKEEPSIE NY CLIMATE SUMMARY FOR APRIL 22 2015...

CLIMATE NORMAL PERIOD 1981 TO 2010
CLIMATE RECORD PERIOD 1949 TO 2015


WEATHER ITEM   OBSERVED TIME   RECORD YEAR NORMAL DEPARTURE LAST
                VALUE   (LST)  VALUE       VALUE  FROM      YEAR
                                                  NORMAL
..................................................................
TEMPERATURE (F)
 YESTERDAY
  MAXIMUM         68    131 PM  87    1985  64      4       73
  MINIMUM         39    516 AM  24    1981  39      0       44
  AVERAGE         54                        51      3       59

PRECIPITATION (IN)
  YESTERDAY        0.13          1.30 2012   0.12   0.01      T
  MONTH TO DATE    2.23                      2.77  -0.54     1.72
  SINCE MAR 1      4.40                      6.34  -1.94     4.47
  SINCE JAN 1      8.70                     12.08  -3.38     8.75

DEGREE DAYS
 HEATING
  YESTERDAY       11                        14     -3        6
  MONTH TO DATE  341                       393    -52      349
  SINCE MAR 1   1342                      1267     75     1376
  SINCE JUL 1   6027                      5838    189     6079

 COOLING
  YESTERDAY        0                         0      0        0
  MONTH TO DATE    0                         0      0        6
  SINCE MAR 1      0                         0      0        6
  SINCE JAN 1      0                         0      0        6
..................................................................


WIND (MPH)
  HIGHEST WIND SPEED    31   HIGHEST WIND DIRECTION     W (270)
  HIGHEST GUST SPEED    42   HIGHEST GUST DIRECTION    SW (230)
  AVERAGE WIND SPEED     7.6


SKY COVER
  AVERAGE SKY COVER 0.6



RELATIVE HUMIDITY (PERCENT)
 HIGHEST    79           400 AM
 LOWEST     22          1200 PM
 AVERAGE    51

..........................................................


THE POUGHKEEPSIE NY CLIMATE NORMALS FOR TODAY
                         NORMAL    RECORD    YEAR
 MAXIMUM TEMPERATURE (F)   64        86      2007
 MINIMUM TEMPERATURE (F)   39        21      1989


SUNRISE AND SUNSET
APRIL 23 2015.........SUNRISE   604 AM EDT   SUNSET   745 PM EDT
APRIL 24 2015.........SUNRISE   602 AM EDT   SUNSET   746 PM EDT


-  INDICATES NEGATIVE NUMBERS.
R  INDICATES RECORD WAS SET OR TIED.
MM INDICATES DATA IS MISSING.
T  INDICATES TRACE AMOUNT.




RECORDS FOR KPOU DATE BACK TO 1949...
HOWEVER...DATA IS MISSING FROM JANUARY 1993 - JULY 2000.
$$
