000
CDUS41 KALY 110623
CLIPOU


CLIMATE REPORT
NATIONAL WEATHER SERVICE ALBANY NY
223 AM EDT SAT APR 11 2015


...................................

...THE POUGHKEEPSIE NY CLIMATE SUMMARY FOR APRIL 10 2015...

CLIMATE NORMAL PERIOD 1981 TO 2010
CLIMATE RECORD PERIOD 1949 TO 2015


WEATHER ITEM   OBSERVED TIME   RECORD YEAR NORMAL DEPARTURE LAST
                VALUE   (LST)  VALUE       VALUE  FROM      YEAR
                                                  NORMAL
..................................................................
TEMPERATURE (F)
 YESTERDAY
  MAXIMUM         54    827 PM  79    1955  59     -5       65
  MINIMUM         39    556 AM  20    1950  35      4       27
  AVERAGE         47                        47      0       46

PRECIPITATION (IN)
  YESTERDAY        0.24          1.32 1983   0.13   0.11     0.00
  MONTH TO DATE    1.23                      1.28  -0.05     0.22
  SINCE MAR 1      3.40                      4.85  -1.45     2.97
  SINCE JAN 1      7.70                     10.59  -2.89     7.25

DEGREE DAYS
 HEATING
  YESTERDAY       18                        18      0       19
  MONTH TO DATE  199                       202     -3      190
  SINCE MAR 1   1200                      1076    124     1217
  SINCE JUL 1   5885                      5647    238     5920

 COOLING
  YESTERDAY        0                         0      0        0
  MONTH TO DATE    0                         0      0        0
  SINCE MAR 1      0                         0      0        0
  SINCE JAN 1      0                         0      0        0
..................................................................


WIND (MPH)
  HIGHEST WIND SPEED    14   HIGHEST WIND DIRECTION    SW (240)
  HIGHEST GUST SPEED    17   HIGHEST GUST DIRECTION    SW (240)
  AVERAGE WIND SPEED     4.7


SKY COVER
  AVERAGE SKY COVER 0.9



RELATIVE HUMIDITY (PERCENT)
 HIGHEST    92          1200 AM
 LOWEST     77           400 PM
 AVERAGE    85

..........................................................


THE POUGHKEEPSIE NY CLIMATE NORMALS FOR TODAY
                         NORMAL    RECORD    YEAR
 MAXIMUM TEMPERATURE (F)   59        83      2011
 MINIMUM TEMPERATURE (F)   35        21      2007


SUNRISE AND SUNSET
APRIL 11 2015.........SUNRISE   622 AM EDT   SUNSET   731 PM EDT
APRIL 12 2015.........SUNRISE   621 AM EDT   SUNSET   733 PM EDT


-  INDICATES NEGATIVE NUMBERS.
R  INDICATES RECORD WAS SET OR TIED.
MM INDICATES DATA IS MISSING.
T  INDICATES TRACE AMOUNT.




RECORDS FOR KPOU DATE BACK TO 1949...
HOWEVER...DATA IS MISSING FROM JANUARY 1993 - JULY 2000.
$$
