000
CDUS41 KALY 220623
CLIPOU


CLIMATE REPORT
NATIONAL WEATHER SERVICE ALBANY NY
222 AM EDT WED APR 22 2015


...................................

...THE POUGHKEEPSIE NY CLIMATE SUMMARY FOR APRIL 21 2015...

CLIMATE NORMAL PERIOD 1981 TO 2010
CLIMATE RECORD PERIOD 1949 TO 2015


WEATHER ITEM   OBSERVED TIME   RECORD YEAR NORMAL DEPARTURE LAST
                VALUE   (LST)  VALUE       VALUE  FROM      YEAR
                                                  NORMAL
..................................................................
TEMPERATURE (F)
 YESTERDAY
  MAXIMUM         64    441 PM  84    1985  63      1       72
  MINIMUM         43   1041 PM  27    1981  39      4       32
  AVERAGE         54                        51      3       52

PRECIPITATION (IN)
  YESTERDAY        0.12          2.17 1991   0.12   0.00     0.00
  MONTH TO DATE    2.10                      2.65  -0.55     1.72
  SINCE MAR 1      4.27                      6.22  -1.95     4.47
  SINCE JAN 1      8.57                     11.96  -3.39     8.75

DEGREE DAYS
 HEATING
  YESTERDAY       11                        14     -3       13
  MONTH TO DATE  330                       379    -49      343
  SINCE MAR 1   1331                      1253     78     1370
  SINCE JUL 1   6016                      5824    192     6073

 COOLING
  YESTERDAY        0                         0      0        0
  MONTH TO DATE    0                         0      0        6
  SINCE MAR 1      0                         0      0        6
  SINCE JAN 1      0                         0      0        6
..................................................................


WIND (MPH)
  HIGHEST WIND SPEED    21   HIGHEST WIND DIRECTION     W (280)
  HIGHEST GUST SPEED    29   HIGHEST GUST DIRECTION    NW (310)
  AVERAGE WIND SPEED     7.0


SKY COVER
  AVERAGE SKY COVER 0.6



RELATIVE HUMIDITY (PERCENT)
 HIGHEST    96           600 AM
 LOWEST     27           400 PM
 AVERAGE    62

..........................................................


THE POUGHKEEPSIE NY CLIMATE NORMALS FOR TODAY
                         NORMAL    RECORD    YEAR
 MAXIMUM TEMPERATURE (F)   64        87      1985
 MINIMUM TEMPERATURE (F)   39        24      1981


SUNRISE AND SUNSET
APRIL 22 2015.........SUNRISE   605 AM EDT   SUNSET   743 PM EDT
APRIL 23 2015.........SUNRISE   604 AM EDT   SUNSET   745 PM EDT


-  INDICATES NEGATIVE NUMBERS.
R  INDICATES RECORD WAS SET OR TIED.
MM INDICATES DATA IS MISSING.
T  INDICATES TRACE AMOUNT.




RECORDS FOR KPOU DATE BACK TO 1949...
HOWEVER...DATA IS MISSING FROM JANUARY 1993 - JULY 2000.
$$
