000
CDUS41 KALY 042051
CLIPOU


CLIMATE REPORT
NATIONAL WEATHER SERVICE ALBANY NY
450 PM EDT MON MAY 4 2015


...................................

...THE POUGHKEEPSIE NY CLIMATE SUMMARY FOR MAY 4 2015...
VALID TODAY AS OF 0400 PM LOCAL TIME.

CLIMATE NORMAL PERIOD 1981 TO 2010
CLIMATE RECORD PERIOD 1949 TO 2015


WEATHER ITEM   OBSERVED TIME   RECORD YEAR NORMAL DEPARTURE LAST
                VALUE   (LST)  VALUE       VALUE  FROM      YEAR
                                                  NORMAL
..................................................................
TEMPERATURE (F)
 TODAY
  MAXIMUM         87    241 PM  92    2001  68     19       66
  MINIMUM         46    517 AM  28    1985  43      3       49
  AVERAGE         67                        55     12       58

PRECIPITATION (IN)
  TODAY            0.00          1.10 1984   0.13  -0.13     0.00
  MONTH TO DATE    0.00                      0.49  -0.49     0.27
  SINCE MAR 1      4.40                      7.84  -3.44     7.45
  SINCE JAN 1      8.70                     13.58  -4.88    11.73

DEGREE DAYS
 HEATING
  TODAY            0                        10    -10        7
  MONTH TO DATE   19                        42    -23       28
  SINCE MAR 1   1485                      1410     75     1529
  SINCE JUL 1   6170                      5981    189     6232

 COOLING
  TODAY            2                         0      2        0
  MONTH TO DATE    2                         0      2        0
  SINCE MAR 1      2                         5     -3        6
  SINCE JAN 1      2                         5     -3        6
..................................................................


WIND (MPH)
  HIGHEST WIND SPEED    21   HIGHEST WIND DIRECTION    SW (240)
  HIGHEST GUST SPEED    28   HIGHEST GUST DIRECTION    SW (220)
  AVERAGE WIND SPEED     4.6


SKY COVER
  AVERAGE SKY COVER 0.1



RELATIVE HUMIDITY (PERCENT)
 HIGHEST    86           500 AM
 LOWEST     16           300 PM
 AVERAGE    51

..........................................................


THE POUGHKEEPSIE NY CLIMATE NORMALS FOR TOMORROW
                         NORMAL    RECORD    YEAR
 MAXIMUM TEMPERATURE (F)   68        89      1949
 MINIMUM TEMPERATURE (F)   43        29      1974


SUNRISE AND SUNSET
MAY  4 2015...........SUNRISE   549 AM EDT   SUNSET   756 PM EDT
MAY  5 2015...........SUNRISE   548 AM EDT   SUNSET   758 PM EDT


-  INDICATES NEGATIVE NUMBERS.
R  INDICATES RECORD WAS SET OR TIED.
MM INDICATES DATA IS MISSING.
T  INDICATES TRACE AMOUNT.




RECORDS FOR KPOU DATE BACK TO 1949...
HOWEVER...DATA IS MISSING FROM JANUARY 1993 - JULY 2000.
$$
