000
CDUS41 KALY 010631
CLIPOU


CLIMATE REPORT
NATIONAL WEATHER SERVICE ALBANY NY
231 AM EDT FRI MAY 1 2015


...................................

...THE POUGHKEEPSIE NY CLIMATE SUMMARY FOR APRIL 30 2015...

CLIMATE NORMAL PERIOD 1981 TO 2010
CLIMATE RECORD PERIOD 1949 TO 2015


WEATHER ITEM   OBSERVED TIME   RECORD YEAR NORMAL DEPARTURE LAST
                VALUE   (LST)  VALUE       VALUE  FROM      YEAR
                                                  NORMAL
..................................................................
TEMPERATURE (F)
 YESTERDAY
  MAXIMUM         70    152 PM  86    1985  67      3       52
  MINIMUM         39    525 AM  28    2012  41     -2       42
  AVERAGE         55                        54      1       47

PRECIPITATION (IN)
  YESTERDAY        0.00          1.70 2014   0.13  -0.13     1.70
  MONTH TO DATE    2.23                      3.78  -1.55     4.43
  SINCE MAR 1      4.40                      7.35  -2.95     7.18
  SINCE JAN 1      8.70                     13.09  -4.39    11.46

DEGREE DAYS
 HEATING
  YESTERDAY       10                        11     -1       18
  MONTH TO DATE  465                       493    -28      474
  SINCE MAR 1   1466                      1368     98     1501
  SINCE JUL 1   6151                      5939    212     6204

 COOLING
  YESTERDAY        0                         0      0        0
  MONTH TO DATE    0                         5     -5        6
  SINCE MAR 1      0                         5     -5        6
  SINCE JAN 1      0                         5     -5        6
..................................................................


WIND (MPH)
  HIGHEST WIND SPEED    14   HIGHEST WIND DIRECTION     E (110)
  HIGHEST GUST SPEED    20   HIGHEST GUST DIRECTION    SE (120)
  AVERAGE WIND SPEED     4.2


SKY COVER
  AVERAGE SKY COVER 0.3



RELATIVE HUMIDITY (PERCENT)
 HIGHEST    85           400 AM
 LOWEST     32           400 PM
 AVERAGE    59

..........................................................


THE POUGHKEEPSIE NY CLIMATE NORMALS FOR TODAY
                         NORMAL    RECORD    YEAR
 MAXIMUM TEMPERATURE (F)   67        88      2010
 MINIMUM TEMPERATURE (F)   42        26      2008


SUNRISE AND SUNSET
MAY  1 2015...........SUNRISE   553 AM EDT   SUNSET   753 PM EDT
MAY  2 2015...........SUNRISE   551 AM EDT   SUNSET   754 PM EDT


-  INDICATES NEGATIVE NUMBERS.
R  INDICATES RECORD WAS SET OR TIED.
MM INDICATES DATA IS MISSING.
T  INDICATES TRACE AMOUNT.




RECORDS FOR KPOU DATE BACK TO 1949...
HOWEVER...DATA IS MISSING FROM JANUARY 1993 - JULY 2000.
$$
