000
CDUS41 KALY 200626
CLIPOU


CLIMATE REPORT
NATIONAL WEATHER SERVICE ALBANY NY
225 AM EDT MON APR 20 2015


...................................

...THE POUGHKEEPSIE NY CLIMATE SUMMARY FOR APRIL 19 2015...

CLIMATE NORMAL PERIOD 1981 TO 2010
CLIMATE RECORD PERIOD 1949 TO 2015


WEATHER ITEM   OBSERVED TIME   RECORD YEAR NORMAL DEPARTURE LAST
                VALUE   (LST)  VALUE       VALUE  FROM      YEAR
                                                  NORMAL
..................................................................
TEMPERATURE (F)
 YESTERDAY
  MAXIMUM         67    352 PM  93    1976  62      5       65
  MINIMUM         44    541 AM  24    2001  38      6       35
  AVERAGE         56                        50      6       50

PRECIPITATION (IN)
  YESTERDAY        0.00          1.32 1983   0.12  -0.12     0.00
  MONTH TO DATE    1.44                      2.42  -0.98     1.72
  SINCE MAR 1      3.61                      5.99  -2.38     4.47
  SINCE JAN 1      7.91                     11.73  -3.82     8.75

DEGREE DAYS
 HEATING
  YESTERDAY        9                        15     -6       15
  MONTH TO DATE  306                       350    -44      313
  SINCE MAR 1   1307                      1224     83     1340
  SINCE JUL 1   5992                      5795    197     6043

 COOLING
  YESTERDAY        0                         0      0        0
  MONTH TO DATE    0                         0      0        6
  SINCE MAR 1      0                         0      0        6
  SINCE JAN 1      0                         0      0        6
..................................................................


WIND (MPH)
  HIGHEST WIND SPEED    16   HIGHEST WIND DIRECTION     N (20)
  HIGHEST GUST SPEED    20   HIGHEST GUST DIRECTION    SE (150)
  AVERAGE WIND SPEED     6.7


SKY COVER
  AVERAGE SKY COVER 0.0



RELATIVE HUMIDITY (PERCENT)
 HIGHEST    62           600 AM
 LOWEST     24          1200 AM
 AVERAGE    43

..........................................................


THE POUGHKEEPSIE NY CLIMATE NORMALS FOR TODAY
                         NORMAL    RECORD    YEAR
 MAXIMUM TEMPERATURE (F)   63        86      2005
 MINIMUM TEMPERATURE (F)   38        24      1961


SUNRISE AND SUNSET
APRIL 20 2015.........SUNRISE   608 AM EDT   SUNSET   741 PM EDT
APRIL 21 2015.........SUNRISE   607 AM EDT   SUNSET   742 PM EDT


-  INDICATES NEGATIVE NUMBERS.
R  INDICATES RECORD WAS SET OR TIED.
MM INDICATES DATA IS MISSING.
T  INDICATES TRACE AMOUNT.




RECORDS FOR KPOU DATE BACK TO 1949...
HOWEVER...DATA IS MISSING FROM JANUARY 1993 - JULY 2000.
$$
