000
CDUS41 KALY 140622
CLIPOU


CLIMATE REPORT
NATIONAL WEATHER SERVICE ALBANY NY
222 AM EDT TUE APR 14 2015


...................................

...THE POUGHKEEPSIE NY CLIMATE SUMMARY FOR APRIL 13 2015...

CLIMATE NORMAL PERIOD 1981 TO 2010
CLIMATE RECORD PERIOD 1949 TO 2015


WEATHER ITEM   OBSERVED TIME   RECORD YEAR NORMAL DEPARTURE LAST
                VALUE   (LST)  VALUE       VALUE  FROM      YEAR
                                                  NORMAL
..................................................................
TEMPERATURE (F)
 YESTERDAY
  MAXIMUM         72    328 PM  85    1977  60     12       80
  MINIMUM         36    545 AM  19    1986  36      0       44
  AVERAGE         54                        48      6       62

PRECIPITATION (IN)
  YESTERDAY        0.00          0.99 1972   0.13  -0.13     0.03
  MONTH TO DATE    1.23                      1.68  -0.45     0.41
  SINCE MAR 1      3.40                      5.25  -1.85     3.16
  SINCE JAN 1      7.70                     10.99  -3.29     7.44

DEGREE DAYS
 HEATING
  YESTERDAY       11                        17     -6        3
  MONTH TO DATE  248                       255     -7      206
  SINCE MAR 1   1249                      1129    120     1233
  SINCE JUL 1   5934                      5700    234     5936

 COOLING
  YESTERDAY        0                         0      0        0
  MONTH TO DATE    0                         0      0        0
  SINCE MAR 1      0                         0      0        0
  SINCE JAN 1      0                         0      0        0
..................................................................


WIND (MPH)
  HIGHEST WIND SPEED    16   HIGHEST WIND DIRECTION    SE (150)
  HIGHEST GUST SPEED    24   HIGHEST GUST DIRECTION     S (160)
  AVERAGE WIND SPEED     6.8


SKY COVER
  AVERAGE SKY COVER 0.0



RELATIVE HUMIDITY (PERCENT)
 HIGHEST    82           400 AM
 LOWEST     28           100 PM
 AVERAGE    55

..........................................................


THE POUGHKEEPSIE NY CLIMATE NORMALS FOR TODAY
                         NORMAL    RECORD    YEAR
 MAXIMUM TEMPERATURE (F)   60        80      1960
 MINIMUM TEMPERATURE (F)   36        23      1973


SUNRISE AND SUNSET
APRIL 14 2015.........SUNRISE   618 AM EDT   SUNSET   735 PM EDT
APRIL 15 2015.........SUNRISE   616 AM EDT   SUNSET   736 PM EDT


-  INDICATES NEGATIVE NUMBERS.
R  INDICATES RECORD WAS SET OR TIED.
MM INDICATES DATA IS MISSING.
T  INDICATES TRACE AMOUNT.




RECORDS FOR KPOU DATE BACK TO 1949...
HOWEVER...DATA IS MISSING FROM JANUARY 1993 - JULY 2000.
$$
