000
CXUS51 KALY 010842
CLMPOU


CLIMATE REPORT
NATIONAL WEATHER SERVICE ALBANY NY
441 AM EDT WED APR 1 2015

...................................

...THE POUGHKEEPSIE NY CLIMATE SUMMARY FOR THE MONTH OF MARCH 2015...

CLIMATE NORMAL PERIOD 1981 TO 2010
CLIMATE RECORD PERIOD 1949 TO 2015

WEATHER         OBSERVED          NORMAL  DEPART  LAST YEAR`S
                 VALUE   DATE(S)  VALUE   FROM    VALUE  DATE(S)
                                          NORMAL
................................................................
TEMPERATURE (F)
HIGHEST            60   03/11                         61  03/22
LOWEST             -2R  03/06                         -2  03/04
AVG. MAXIMUM     42.6              48.1    -5.5     41.8
AVG. MINIMUM     22.3              25.5    -3.2     21.4
MEAN             32.5              36.8    -4.3     31.6
DAYS MAX >= 90      0               0.0     0.0        0
DAYS MAX <= 32      2               1.2     0.8        5
DAYS MIN <= 32     25              23.9     1.1       26
DAYS MIN <= 0       2               0.1     1.9        2

PRECIPITATION (INCHES)
RECORD
 MAXIMUM         7.39   1983
 MINIMUM         0.15   1981
                        2006
TOTALS           2.17              3.57   -1.40     2.75
DAILY AVG.       0.07              0.12   -0.05     0.09
DAYS >= .01        13              10.7     2.3        6
DAYS >= .10         7               6.9     0.1        5
DAYS >= .50         1               2.5    -1.5        2
DAYS >= 1.00        0               0.7    -0.7        1
GREATEST
 24 HR. TOTAL    0.52   03/03 TO 03/03

DEGREE_DAYS
HEATING TOTAL    1001               874     127     1027
 SINCE 7/1       5686              5445     241     5730
COOLING TOTAL       0                 0       0        0
 SINCE 1/1          0                 0       0        0

FREEZE DATES
RECORD
 EARLIEST     09/15/1963
 LATEST       05/25/1949
EARLIEST                        10/09
LATEST                          04/29
.................................................................

WIND (MPH)
AVERAGE WIND SPEED              5.7
HIGHEST WIND SPEED/DIRECTION    29/300    DATE  03/18
HIGHEST GUST SPEED/DIRECTION    40/290    DATE  03/18

SKY COVER
AVERAGE SKY COVER           0.50

AVERAGE RH (PERCENT)     60

WEATHER CONDITIONS. NUMBER OF DAYS WITH
THUNDERSTORM              0     MIXED PRECIP               0
HEAVY RAIN                0     RAIN                       1
LIGHT RAIN                8     FREEZING RAIN              0
LT FREEZING RAIN          1     HAIL                       0
HEAVY SNOW                0     SNOW                       3
LIGHT SNOW                7     SLEET                      0
FOG                      17     FOG W/VIS <= 1/4 MILE      7
HAZE                      9

-  INDICATES NEGATIVE NUMBERS.
R  INDICATES RECORD WAS SET OR TIED.
MM INDICATES DATA IS MISSING.
T  INDICATES TRACE AMOUNT.

$$
