000
CXUS51 KALY 010943
CLMPOU


CLIMATE REPORT
NATIONAL WEATHER SERVICE ALBANY NY
440 AM EST SUN FEB 1 2015

...................................

...THE POUGHKEEPSIE NY CLIMATE SUMMARY FOR THE MONTH OF JANUARY 2015...

CLIMATE NORMAL PERIOD 1981 TO 2010
CLIMATE RECORD PERIOD 1949 TO 2015

WEATHER         OBSERVED          NORMAL  DEPART  LAST YEAR`S
                 VALUE   DATE(S)  VALUE   FROM    VALUE  DATE(S)
                                          NORMAL
................................................................
TEMPERATURE (F)
HIGHEST            51   01/04                         60  01/11
LOWEST             -5   01/29                         -9  01/04
AVG. MAXIMUM     32.8              35.4    -2.6     33.9
AVG. MINIMUM     15.5              15.7    -0.2     14.5
MEAN             24.1              25.6    -1.5     24.2
DAYS MAX >= 90      0               0.0     0.0        0
DAYS MAX <= 32     14              11.5     2.5       16
DAYS MIN <= 32     30              28.8     1.2       29
DAYS MIN <= 0       1               3.4    -2.4        2

PRECIPITATION (INCHES)
RECORD
 MAXIMUM         8.30   1979
 MINIMUM         0.43   1970
TOTALS           2.94              3.08   -0.14     1.50
DAILY AVG.       0.09              0.10   -0.01     0.05
DAYS >= .01        10              10.9    -0.9        8
DAYS >= .10         6               6.6    -0.6        3
DAYS >= .50         3               2.1     0.9        0
DAYS >= 1.00        1               0.5     0.5        0
GREATEST
 24 HR. TOTAL    1.08   01/18 TO 01/18

DEGREE_DAYS
HEATING TOTAL    1260              1223      37     1256
 SINCE 7/1       3311              3552    -241     3534
COOLING TOTAL       0                 0       0        0
 SINCE 1/1          0                 0       0        0

FREEZE DATES
RECORD
 EARLIEST     09/15/1963
 LATEST       05/25/1949
EARLIEST                        10/09
LATEST                          04/29
.................................................................

WIND (MPH)
AVERAGE WIND SPEED              6.4
HIGHEST WIND SPEED/DIRECTION    28/300    DATE  01/16
HIGHEST GUST SPEED/DIRECTION    39/290    DATE  01/16

SKY COVER
AVERAGE SKY COVER           0.50

AVERAGE RH (PERCENT)     60

WEATHER CONDITIONS. NUMBER OF DAYS WITH
THUNDERSTORM              0     MIXED PRECIP               0
HEAVY RAIN                0     RAIN                       2
LIGHT RAIN                4     FREEZING RAIN              3
LT FREEZING RAIN          3     HAIL                       0
HEAVY SNOW                1     SNOW                       5
LIGHT SNOW               12     SLEET                      1
FOG                      12     FOG W/VIS <= 1/4 MILE      3
HAZE                     11

-  INDICATES NEGATIVE NUMBERS.
R  INDICATES RECORD WAS SET OR TIED.
MM INDICATES DATA IS MISSING.
T  INDICATES TRACE AMOUNT.

RECORDS FOR KPOU DATE BACK TO 1949...
HOWEVER...DATA IS MISSING FROM JANUARY 1993 - JULY 2000.

$$
