000
CDUS41 KALY 240629
CLIPSF


CLIMATE REPORT
NATIONAL WEATHER SERVICE ALBANY NY
229 AM EDT FRI APR 24 2015


...................................

...THE PITTSFIELD MA CLIMATE SUMMARY FOR APRIL 23 2015...

CLIMATE NORMAL PERIOD 1981 TO 2010
CLIMATE RECORD PERIOD 9999 TO 9999


WEATHER ITEM   OBSERVED TIME   NORMAL DEPARTURE LAST
                VALUE   (LST)  VALUE  FROM      YEAR
                                      NORMAL
......................................................
TEMPERATURE (F)
 YESTERDAY
  MAXIMUM         42   1119 AM  58    -16       51
  MINIMUM         31   1149 PM  37     -6       36
  AVERAGE         37            47    -10       44

PRECIPITATION (IN)
  YESTERDAY        0.03          0.10  -0.07     0.05
  MONTH TO DATE    2.90          3.16  -0.26     1.82
  SINCE MAR 1      4.47          6.53  -2.06     4.95
  SINCE JAN 1      9.56         12.13  -2.57    11.33

DEGREE DAYS
 HEATING
  YESTERDAY       28            18     10       21
  MONTH TO DATE  493           514    -21      484
  SINCE MAR 1   1694          1541    153     1715
  SINCE JUL 1   7357          6921    436     7267

 COOLING
  YESTERDAY        0             0      0        0
  MONTH TO DATE    0             0      0        1
  SINCE MAR 1      0             0      0        1
  SINCE JAN 1      0             0      0        1
......................................................


WIND (MPH)
  HIGHEST WIND SPEED    23   HIGHEST WIND DIRECTION     W (290)
  HIGHEST GUST SPEED    35   HIGHEST GUST DIRECTION    NW (300)
  AVERAGE WIND SPEED    12.7


SKY COVER
  AVERAGE SKY COVER 0.9



RELATIVE HUMIDITY (PERCENT)
 HIGHEST    89
 LOWEST     50
 AVERAGE    70

..........................................................


THE PITTSFIELD MA CLIMATE NORMALS FOR TODAY
                         NORMAL
 MAXIMUM TEMPERATURE (F)   59
 MINIMUM TEMPERATURE (F)   37


SUNRISE AND SUNSET
APRIL 24 2015.........SUNRISE   559 AM EDT   SUNSET   745 PM EDT
APRIL 25 2015.........SUNRISE   557 AM EDT   SUNSET   746 PM EDT


-  INDICATES NEGATIVE NUMBERS.
R  INDICATES RECORD WAS SET OR TIED.
MM INDICATES DATA IS MISSING.
T  INDICATES TRACE AMOUNT.




$$
