000
CDUS41 KALY 150622
CLIPSF


CLIMATE REPORT
NATIONAL WEATHER SERVICE ALBANY NY
221 AM EDT WED APR 15 2015


...................................

...THE PITTSFIELD MA CLIMATE SUMMARY FOR APRIL 14 2015...

CLIMATE NORMAL PERIOD 1981 TO 2010
CLIMATE RECORD PERIOD 9999 TO 9999


WEATHER ITEM   OBSERVED TIME   NORMAL DEPARTURE LAST
                VALUE   (LST)  VALUE  FROM      YEAR
                                      NORMAL
......................................................
TEMPERATURE (F)
 YESTERDAY
  MAXIMUM         62    242 PM  54      8       73
  MINIMUM         41   1154 PM  33      8       58
  AVERAGE         52            44      8       66

PRECIPITATION (IN)
  YESTERDAY        0.07          0.13  -0.06     0.00
  MONTH TO DATE    1.18          2.17  -0.99     0.53
  SINCE MAR 1      2.75          5.54  -2.79     3.66
  SINCE JAN 1      7.84         11.14  -3.30    10.04

DEGREE DAYS
 HEATING
  YESTERDAY       13            21     -8        0
  MONTH TO DATE  331           339     -8      278
  SINCE MAR 1   1532          1366    166     1509
  SINCE JUL 1   7195          6746    449     7061

 COOLING
  YESTERDAY        0             0      0        1
  MONTH TO DATE    0             0      0        1
  SINCE MAR 1      0             0      0        1
  SINCE JAN 1      0             0      0        1
......................................................


WIND (MPH)
  HIGHEST WIND SPEED    24   HIGHEST WIND DIRECTION     W (290)
  HIGHEST GUST SPEED    33   HIGHEST GUST DIRECTION     W (290)
  AVERAGE WIND SPEED     9.2


SKY COVER
  AVERAGE SKY COVER 0.3



RELATIVE HUMIDITY (PERCENT)
 HIGHEST    89
 LOWEST     25
 AVERAGE    57

..........................................................


THE PITTSFIELD MA CLIMATE NORMALS FOR TODAY
                         NORMAL
 MAXIMUM TEMPERATURE (F)   54
 MINIMUM TEMPERATURE (F)   34


SUNRISE AND SUNSET
APRIL 15 2015.........SUNRISE   613 AM EDT   SUNSET   735 PM EDT
APRIL 16 2015.........SUNRISE   611 AM EDT   SUNSET   736 PM EDT


-  INDICATES NEGATIVE NUMBERS.
R  INDICATES RECORD WAS SET OR TIED.
MM INDICATES DATA IS MISSING.
T  INDICATES TRACE AMOUNT.




$$
