000
CDUS41 KALY 152051
CLIPSF


CLIMATE REPORT
NATIONAL WEATHER SERVICE ALBANY NY
451 PM EDT WED APR 15 2015


...................................

...THE PITTSFIELD MA CLIMATE SUMMARY FOR APRIL 15 2015...
VALID TODAY AS OF 0400 PM LOCAL TIME.

CLIMATE NORMAL PERIOD 1981 TO 2010
CLIMATE RECORD PERIOD 9999 TO 9999


WEATHER ITEM   OBSERVED TIME   NORMAL DEPARTURE LAST
                VALUE   (LST)  VALUE  FROM      YEAR
                                      NORMAL
......................................................
TEMPERATURE (F)
 TODAY
  MAXIMUM         62    320 PM  54      8       61
  MINIMUM         35    308 AM  34      1       25
  AVERAGE         49            44      5       43

PRECIPITATION (IN)
  TODAY            0.00          0.12  -0.12     1.20
  MONTH TO DATE    1.18          2.29  -1.11     1.73
  SINCE MAR 1      2.75          5.66  -2.91     4.86
  SINCE JAN 1      7.84         11.26  -3.42    11.24

DEGREE DAYS
 HEATING
  TODAY           16            21     -5       22
  MONTH TO DATE  347           360    -13      300
  SINCE MAR 1   1548          1387    161     1531
  SINCE JUL 1   7211          6767    444     7083

 COOLING
  TODAY            0             0      0        0
  MONTH TO DATE    0             0      0        1
  SINCE MAR 1      0             0      0        1
  SINCE JAN 1      0             0      0        1
......................................................


WIND (MPH)
  HIGHEST WIND SPEED    23   HIGHEST WIND DIRECTION    NW (300)
  HIGHEST GUST SPEED    31   HIGHEST GUST DIRECTION    NW (330)
  AVERAGE WIND SPEED     7.2


SKY COVER
  AVERAGE SKY COVER 0.0



RELATIVE HUMIDITY (PERCENT)
 HIGHEST    56
 LOWEST     19
 AVERAGE    38

..........................................................


THE PITTSFIELD MA CLIMATE NORMALS FOR TOMORROW
                         NORMAL
 MAXIMUM TEMPERATURE (F)   55
 MINIMUM TEMPERATURE (F)   34


SUNRISE AND SUNSET
APRIL 15 2015.........SUNRISE   613 AM EDT   SUNSET   735 PM EDT
APRIL 16 2015.........SUNRISE   611 AM EDT   SUNSET   736 PM EDT


-  INDICATES NEGATIVE NUMBERS.
R  INDICATES RECORD WAS SET OR TIED.
MM INDICATES DATA IS MISSING.
T  INDICATES TRACE AMOUNT.




$$
