000
CDUS41 KALY 292045
CLIPSF


CLIMATE REPORT
NATIONAL WEATHER SERVICE ALBANY NY
445 PM EDT WED APR 29 2015


...................................

...THE PITTSFIELD MA CLIMATE SUMMARY FOR APRIL 29 2015...
VALID TODAY AS OF 0400 PM LOCAL TIME.

CLIMATE NORMAL PERIOD 1981 TO 2010
CLIMATE RECORD PERIOD 9999 TO 9999


WEATHER ITEM   OBSERVED TIME   NORMAL DEPARTURE LAST
                VALUE   (LST)  VALUE  FROM      YEAR
                                      NORMAL
......................................................
TEMPERATURE (F)
 TODAY
  MAXIMUM         69    252 PM  61      8       46
  MINIMUM         43    446 AM  39      4       36
  AVERAGE         56            50      6       41

PRECIPITATION (IN)
  TODAY            0.00          0.11  -0.11     0.14
  MONTH TO DATE    2.90          3.76  -0.86     2.53
  SINCE MAR 1      4.47          7.13  -2.66     5.66
  SINCE JAN 1      9.56         12.73  -3.17    12.04

DEGREE DAYS
 HEATING
  TODAY            9            16     -7       24
  MONTH TO DATE  613           613      0      607
  SINCE MAR 1   1814          1640    174     1838
  SINCE JUL 1   7477          7020    457     7390

 COOLING
  TODAY            0             0      0        0
  MONTH TO DATE    0             0      0        1
  SINCE MAR 1      0             0      0        1
  SINCE JAN 1      0             0      0        1
......................................................


WIND (MPH)
  HIGHEST WIND SPEED    18   HIGHEST WIND DIRECTION     W (270)
  HIGHEST GUST SPEED    28   HIGHEST GUST DIRECTION    NW (320)
  AVERAGE WIND SPEED     9.7


SKY COVER
  AVERAGE SKY COVER 0.1



RELATIVE HUMIDITY (PERCENT)
 HIGHEST    76
 LOWEST     27
 AVERAGE    52

..........................................................


THE PITTSFIELD MA CLIMATE NORMALS FOR TOMORROW
                         NORMAL
 MAXIMUM TEMPERATURE (F)   61
 MINIMUM TEMPERATURE (F)   39


SUNRISE AND SUNSET
APRIL 29 2015.........SUNRISE   551 AM EDT   SUNSET   750 PM EDT
APRIL 30 2015.........SUNRISE   550 AM EDT   SUNSET   752 PM EDT


-  INDICATES NEGATIVE NUMBERS.
R  INDICATES RECORD WAS SET OR TIED.
MM INDICATES DATA IS MISSING.
T  INDICATES TRACE AMOUNT.




$$
