000
CDUS41 KALY 122044
CLIPSF


CLIMATE REPORT
NATIONAL WEATHER SERVICE ALBANY NY
443 PM EDT SUN APR 12 2015


...................................

...THE PITTSFIELD MA CLIMATE SUMMARY FOR APRIL 12 2015...
VALID TODAY AS OF 0400 PM LOCAL TIME.

CLIMATE NORMAL PERIOD 1981 TO 2010
CLIMATE RECORD PERIOD 9999 TO 9999


WEATHER ITEM   OBSERVED TIME   NORMAL DEPARTURE LAST
                VALUE   (LST)  VALUE  FROM      YEAR
                                      NORMAL
......................................................
TEMPERATURE (F)
 TODAY
  MAXIMUM         63    341 PM  53     10       65
  MINIMUM         33    207 AM  33      0       33
  AVERAGE         48            43      5       49

PRECIPITATION (IN)
  TODAY            0.00          0.16  -0.16     0.00
  MONTH TO DATE    1.11          1.91  -0.80     0.52
  SINCE MAR 1      2.68          5.28  -2.60     3.65
  SINCE JAN 1      7.77         10.88  -3.11    10.03

DEGREE DAYS
 HEATING
  TODAY           17            22     -5       16
  MONTH TO DATE  304           296      8      268
  SINCE MAR 1   1505          1323    182     1499
  SINCE JUL 1   7168          6703    465     7051

 COOLING
  TODAY            0             0      0        0
  MONTH TO DATE    0             0      0        0
  SINCE MAR 1      0             0      0        0
  SINCE JAN 1      0             0      0        0
......................................................


WIND (MPH)
  HIGHEST WIND SPEED    16   HIGHEST WIND DIRECTION    NW (310)
  HIGHEST GUST SPEED    24   HIGHEST GUST DIRECTION    NW (320)
  AVERAGE WIND SPEED     9.5


SKY COVER
  AVERAGE SKY COVER 0.0



RELATIVE HUMIDITY (PERCENT)
 HIGHEST    75
 LOWEST     27
 AVERAGE    51

..........................................................


THE PITTSFIELD MA CLIMATE NORMALS FOR TOMORROW
                         NORMAL
 MAXIMUM TEMPERATURE (F)   54
 MINIMUM TEMPERATURE (F)   33


SUNRISE AND SUNSET
APRIL 12 2015.........SUNRISE   618 AM EDT   SUNSET   731 PM EDT
APRIL 13 2015.........SUNRISE   616 AM EDT   SUNSET   732 PM EDT


-  INDICATES NEGATIVE NUMBERS.
R  INDICATES RECORD WAS SET OR TIED.
MM INDICATES DATA IS MISSING.
T  INDICATES TRACE AMOUNT.




$$
