000
CDUS41 KALY 062050
CLIPSF


CLIMATE REPORT
NATIONAL WEATHER SERVICE ALBANY NY
449 PM EDT MON APR 6 2015


...................................

...THE PITTSFIELD MA CLIMATE SUMMARY FOR APRIL 6 2015...
VALID TODAY AS OF 0400 PM LOCAL TIME.

CLIMATE NORMAL PERIOD 1981 TO 2010
CLIMATE RECORD PERIOD 9999 TO 9999


WEATHER ITEM   OBSERVED TIME   NORMAL DEPARTURE LAST
                VALUE   (LST)  VALUE  FROM      YEAR
                                      NORMAL
......................................................
TEMPERATURE (F)
 TODAY
  MAXIMUM         57    253 PM  50      7       51
  MINIMUM         30    622 AM  30      0       28
  AVERAGE         44            40      4       40

PRECIPITATION (IN)
  TODAY            0.00          0.15  -0.15     0.00
  MONTH TO DATE    0.27          0.98  -0.71     0.11
  SINCE MAR 1      1.84          4.35  -2.51     3.24
  SINCE JAN 1      6.93          9.95  -3.02     9.62

DEGREE DAYS
 HEATING
  TODAY           21            25     -4       25
  MONTH TO DATE  154           156     -2      153
  SINCE MAR 1   1355          1183    172     1384
  SINCE JUL 1   7018          6563    455     6936

 COOLING
  TODAY            0             0      0        0
  MONTH TO DATE    0             0      0        0
  SINCE MAR 1      0             0      0        0
  SINCE JAN 1      0             0      0        0
......................................................


WIND (MPH)
  HIGHEST WIND SPEED    15   HIGHEST WIND DIRECTION    SE (150)
  HIGHEST GUST SPEED    21   HIGHEST GUST DIRECTION    SE (140)
  AVERAGE WIND SPEED     3.9


SKY COVER
  AVERAGE SKY COVER 0.7



RELATIVE HUMIDITY (PERCENT)
 HIGHEST    85
 LOWEST     47
 AVERAGE    66

..........................................................


THE PITTSFIELD MA CLIMATE NORMALS FOR TOMORROW
                         NORMAL
 MAXIMUM TEMPERATURE (F)   51
 MINIMUM TEMPERATURE (F)   30


SUNRISE AND SUNSET
APRIL  6 2015.........SUNRISE   628 AM EDT   SUNSET   724 PM EDT
APRIL  7 2015.........SUNRISE   626 AM EDT   SUNSET   726 PM EDT


-  INDICATES NEGATIVE NUMBERS.
R  INDICATES RECORD WAS SET OR TIED.
MM INDICATES DATA IS MISSING.
T  INDICATES TRACE AMOUNT.




$$
