000
CDUS41 KALY 060627
CLIPSF


CLIMATE REPORT
NATIONAL WEATHER SERVICE ALBANY NY
227 AM EDT MON APR 6 2015


...................................

...THE PITTSFIELD MA CLIMATE SUMMARY FOR APRIL 5 2015...

CLIMATE NORMAL PERIOD 1981 TO 2010
CLIMATE RECORD PERIOD 9999 TO 9999


WEATHER ITEM   OBSERVED TIME   NORMAL DEPARTURE LAST
                VALUE   (LST)  VALUE  FROM      YEAR
                                      NORMAL
......................................................
TEMPERATURE (F)
 YESTERDAY
  MAXIMUM         37   1252 PM  50    -13       44
  MINIMUM         29    126 AM  30     -1       32
  AVERAGE         33            40     -7       38

PRECIPITATION (IN)
  YESTERDAY        T             0.16  -0.16      T
  MONTH TO DATE    0.27          0.83  -0.56     0.11
  SINCE MAR 1      1.84          4.20  -2.36     3.24
  SINCE JAN 1      6.93          9.80  -2.87     9.62

DEGREE DAYS
 HEATING
  YESTERDAY       32            25      7       27
  MONTH TO DATE  133           131      2      128
  SINCE MAR 1   1334          1158    176     1359
  SINCE JUL 1   6997          6538    459     6911

 COOLING
  YESTERDAY        0             0      0        0
  MONTH TO DATE    0             0      0        0
  SINCE MAR 1      0             0      0        0
  SINCE JAN 1      0             0      0        0
......................................................


WIND (MPH)
  HIGHEST WIND SPEED    26   HIGHEST WIND DIRECTION     W (270)
  HIGHEST GUST SPEED    35   HIGHEST GUST DIRECTION     W (280)
  AVERAGE WIND SPEED     9.0


SKY COVER
  AVERAGE SKY COVER 0.9



RELATIVE HUMIDITY (PERCENT)
 HIGHEST    69
 LOWEST     29
 AVERAGE    49

..........................................................


THE PITTSFIELD MA CLIMATE NORMALS FOR TODAY
                         NORMAL
 MAXIMUM TEMPERATURE (F)   50
 MINIMUM TEMPERATURE (F)   30


SUNRISE AND SUNSET
APRIL  6 2015.........SUNRISE   628 AM EDT   SUNSET   724 PM EDT
APRIL  7 2015.........SUNRISE   626 AM EDT   SUNSET   726 PM EDT


-  INDICATES NEGATIVE NUMBERS.
R  INDICATES RECORD WAS SET OR TIED.
MM INDICATES DATA IS MISSING.
T  INDICATES TRACE AMOUNT.




$$
