000
CDUS41 KALY 230624
CLIPSF


CLIMATE REPORT
NATIONAL WEATHER SERVICE ALBANY NY
223 AM EDT THU APR 23 2015


...................................

...THE PITTSFIELD MA CLIMATE SUMMARY FOR APRIL 22 2015...

CLIMATE NORMAL PERIOD 1981 TO 2010
CLIMATE RECORD PERIOD 9999 TO 9999


WEATHER ITEM   OBSERVED TIME   NORMAL DEPARTURE LAST
                VALUE   (LST)  VALUE  FROM      YEAR
                                      NORMAL
......................................................
TEMPERATURE (F)
 YESTERDAY
  MAXIMUM         59   1243 PM  58      1       70
  MINIMUM         31    430 AM  36     -5       38
  AVERAGE         45            47     -2       54

PRECIPITATION (IN)
  YESTERDAY        0.73          0.11   0.62     0.04
  MONTH TO DATE    2.87          3.06  -0.19     1.77
  SINCE MAR 1      4.44          6.43  -1.99     4.90
  SINCE JAN 1      9.53         12.03  -2.50    11.28

DEGREE DAYS
 HEATING
  YESTERDAY       20            18      2       11
  MONTH TO DATE  465           496    -31      463
  SINCE MAR 1   1666          1523    143     1694
  SINCE JUL 1   7329          6903    426     7246

 COOLING
  YESTERDAY        0             0      0        0
  MONTH TO DATE    0             0      0        1
  SINCE MAR 1      0             0      0        1
  SINCE JAN 1      0             0      0        1
......................................................


WIND (MPH)
  HIGHEST WIND SPEED    23   HIGHEST WIND DIRECTION    SW (210)
  HIGHEST GUST SPEED    35   HIGHEST GUST DIRECTION     W (250)
  AVERAGE WIND SPEED     6.5


SKY COVER
  AVERAGE SKY COVER 0.6



RELATIVE HUMIDITY (PERCENT)
 HIGHEST   100
 LOWEST     33
 AVERAGE    67

..........................................................


THE PITTSFIELD MA CLIMATE NORMALS FOR TODAY
                         NORMAL
 MAXIMUM TEMPERATURE (F)   58
 MINIMUM TEMPERATURE (F)   37


SUNRISE AND SUNSET
APRIL 23 2015.........SUNRISE   600 AM EDT   SUNSET   744 PM EDT
APRIL 24 2015.........SUNRISE   559 AM EDT   SUNSET   745 PM EDT


-  INDICATES NEGATIVE NUMBERS.
R  INDICATES RECORD WAS SET OR TIED.
MM INDICATES DATA IS MISSING.
T  INDICATES TRACE AMOUNT.




$$
